{"id":2781,"date":"2025-09-10T15:54:15","date_gmt":"2025-09-10T15:54:15","guid":{"rendered":"https:\/\/nextgen.leden-shop.com\/?post_type=product&#038;p=2781"},"modified":"2025-09-10T15:54:18","modified_gmt":"2025-09-10T15:54:18","slug":"dvr-16-ports-turbo-hd-4-0","status":"publish","type":"product","link":"https:\/\/nextgen-sn.com\/?product=dvr-16-ports-turbo-hd-4-0","title":{"rendered":"DVR 16 ports Turbo HD 4.0"},"content":{"rendered":"<h5 id=\"tw-target-text\" class=\"tw-data-text tw-text-large XcVN5d tw-ta\" data-placeholder=\"Traduction\">Caract\u00e9ristiques principales<\/h5>\n<p class=\"tw-data-text tw-text-large XcVN5d tw-ta\" dir=\"ltr\" data-placeholder=\"Traduction\">Marque : Hikvision<br \/>\nMod\u00e8le : Hikvision DS-7216HGHI-K1<br \/>\nCanal d\u2019entr\u00e9e vid\u00e9o (BNC) : 16 canaux, BNC<br \/>\nCompression\/format vid\u00e9o : H.265 Pro+\/ H.265 Pro\/ H.265\/ H.264+\/ H.264<br \/>\nSortie vid\u00e9o (VGA) : 1 canal, 1920 x 1080\/60 Hz, 1280 x 1024\/60 Hz, 1280 x 720\/60 Hz, 1024 x 768\/60 Hz<br \/>\nSortie vid\u00e9o (HDMI) : R\u00e9solution 1 canal : 1920 x 1080\/60 Hz, 1280 x 1024\/60 Hz, 1280 x 720\/60 Hz, 1024 x 768\/60 Hz<br \/>\nR\u00e9s. d\u2019enregistrement vid\u00e9o. : 1080p, 720p, VGA, WD1, 4CIF, CIF<br \/>\nMax. R\u00e9s. d\u2019enregistrement vid\u00e9o. : 1080p<br \/>\nBitrate vid\u00e9o : 32 Kbit\/s \u00e0 4 Mbit\/s<br \/>\nEntr\u00e9e vid\u00e9o IP : 2 canaux (jusqu\u2019\u00e0 18 canaux)<br \/>\nEntr\u00e9e vid\u00e9o analogique et HD-TVI : 1080p25, 1080p30, 720p25, 720p30<br \/>\nCanal d\u2019entr\u00e9e audio (RCA) : RCA 1 canal (2,0 Vp-p, 1 k om\u00e9ga)<br \/>\nCompression audio : G.711u<br \/>\nCanal de sortie audio : 1 canal, RCA (lin\u00e9aire, 1k om\u00e9ga)<br \/>\nAudio bidirectionnel : 1 canal, RCA (2,0 Vp-p, 1K om\u00e9ga)<br \/>\nBitrate audio : 64 Kbits\/s<br \/>\nFr\u00e9quence d\u2019images : Flux principal : Pour un acc\u00e8s au flux 1080p : 1080p lite\/720p lite\/WD1\/4CIF\/VGA 15fps ; CIF 25 ips (P)\/30 ips (N), Pour un acc\u00e8s au flux 720p : 720p\/WD1\/4CIF\/VGA 15 ips ; CIF 25fps (P)\/30fps (N), Pour l\u2019acc\u00e8s au flux de d\u00e9finition standard : WD1\/4CIF\/VGA\/CIF25fps (P)\/30fps (N).<br \/>\nType de flux : Vid\u00e9o, vid\u00e9o et audio<br \/>\nPrise en charge du double flux : Oui<br \/>\nLecture synchrone : 16 canaux<br \/>\nProtocole r\u00e9seau : TCP\/IP, PPPoE, DHCP, Hik-Connect, DNS, DDNS, NTP, SADP, NFS, iSCSI, UPnP, HTTPS, ONVIF<br \/>\nInterface de disque dur (SATA) : 1 SATA<br \/>\nPrise en charge maximale du disque dur (Go, To) : Jusqu\u2019\u00e0 10 To de capacit\u00e9 pour chaque disque<br \/>\nMax. Prise en charge du stockage : 10 To<br \/>\nInterface r\u00e9seau (RJ45) : 1 port RJ-45 (10\/100Mbps)<br \/>\nPort USB : 2 ports USB 2.0<br \/>\nConnexions \u00e0 distance : 128<br \/>\nEntr\u00e9e CVBS : PAL\/NTSC<br \/>\nSource de courant : 12 VCC<br \/>\nConsommation d\u2019\u00e9nergie : &lt;-10W<br \/>\nDimensions : 260 x 222 x 45 mm<br \/>\nPoids (kg) : 1.10 kg<br \/>\nCaract\u00e9ristique : Prise en charge de la compression vid\u00e9o H.265 Pro+\/H.265 Pro\/H.265, prise en charge de l\u2019entr\u00e9e vid\u00e9o HDTVI\/AHD\/CVI\/CVBS\/IP, entr\u00e9e de cam\u00e9ra IP jusqu\u2019\u00e0 18 canaux (jusqu\u2019\u00e0 5 MP), max. 800 m pour 1080p et 1200 m pour la transmission du signal HDTVI 720p, jusqu\u2019\u00e0 10 To de capacit\u00e9 par disque dur.<\/p>\n","protected":false},"excerpt":{"rendered":"<p class=\"tx-excerpt\">Caract\u00e9ristiques principales Marque : Hikvision Mod\u00e8le : Hikvision DS-7216HGHI-K1 Canal d\u2019entr\u00e9e vid\u00e9o (BNC) : 16 canaux, BNC Compression\/format vid\u00e9o : H.265 Pro+\/ H.265 Pro\/ H.265\/ H.264+\/ H.264 Sortie vid\u00e9o (VGA) : 1 canal, 1920 x...<\/p>","protected":false},"featured_media":2811,"template":"","meta":{"_joinchat":[]},"product_brand":[],"product_cat":[37],"product_tag":[],"class_list":{"0":"post-2781","1":"product","2":"type-product","3":"status-publish","4":"has-post-thumbnail","6":"product_cat-dvr","8":"first","9":"instock","10":"taxable","11":"shipping-taxable","12":"purchasable","13":"product-type-simple"},"yoast_head":"<!-- This site is optimized with the Yoast SEO plugin v27.4 - https:\/\/yoast.com\/product\/yoast-seo-wordpress\/ -->\n<title>DVR 16 ports Turbo HD 4.0 - NEXT GEN GROUP<\/title>\n<meta name=\"robots\" content=\"index, follow, max-snippet:-1, max-image-preview:large, max-video-preview:-1\" \/>\n<link rel=\"canonical\" href=\"https:\/\/nextgen-sn.com\/?product=dvr-16-ports-turbo-hd-4-0\" \/>\n<meta property=\"og:locale\" content=\"fr_FR\" \/>\n<meta property=\"og:type\" content=\"article\" \/>\n<meta property=\"og:title\" content=\"DVR 16 ports Turbo HD 4.0 - NEXT GEN GROUP\" \/>\n<meta property=\"og:description\" content=\"Caract\u00e9ristiques principales Marque : Hikvision Mod\u00e8le : Hikvision DS-7216HGHI-K1 Canal d\u2019entr\u00e9e vid\u00e9o (BNC) : 16 canaux, BNC Compression\/format vid\u00e9o : H.265 Pro+\/ H.265 Pro\/ H.265\/ H.264+\/ H.264 Sortie vid\u00e9o (VGA) : 1 canal, 1920 x 1080\/60 Hz, 1280 x 1024\/60 Hz, 1280 x 720\/60 Hz, 1024 x 768\/60 Hz Sortie vid\u00e9o (HDMI) : R\u00e9solution 1 canal : 1920 x 1080\/60 Hz, 1280 x 1024\/60 Hz, 1280 x 720\/60 Hz, 1024 x 768\/60 Hz R\u00e9s. d\u2019enregistrement vid\u00e9o. : 1080p, 720p, VGA, WD1, 4CIF, CIF Max. R\u00e9s. d\u2019enregistrement vid\u00e9o. : 1080p Bitrate vid\u00e9o : 32 Kbit\/s \u00e0 4 Mbit\/s Entr\u00e9e vid\u00e9o IP : 2 canaux (jusqu\u2019\u00e0 18 canaux) Entr\u00e9e vid\u00e9o analogique et HD-TVI : 1080p25, 1080p30, 720p25, 720p30 Canal d\u2019entr\u00e9e audio (RCA) : RCA 1 canal (2,0 Vp-p, 1 k om\u00e9ga) Compression audio : G.711u Canal de sortie audio : 1 canal, RCA (lin\u00e9aire, 1k om\u00e9ga) Audio bidirectionnel : 1 canal, RCA (2,0 Vp-p, 1K om\u00e9ga) Bitrate audio : 64 Kbits\/s Fr\u00e9quence d\u2019images : Flux principal : Pour un acc\u00e8s au flux 1080p : 1080p lite\/720p lite\/WD1\/4CIF\/VGA 15fps ; CIF 25 ips (P)\/30 ips (N), Pour un acc\u00e8s au flux 720p : 720p\/WD1\/4CIF\/VGA 15 ips ; CIF 25fps (P)\/30fps (N), Pour l\u2019acc\u00e8s au flux de d\u00e9finition standard : WD1\/4CIF\/VGA\/CIF25fps (P)\/30fps (N). Type de flux : Vid\u00e9o, vid\u00e9o et audio Prise en charge du double flux : Oui Lecture synchrone : 16 canaux Protocole r\u00e9seau : TCP\/IP, PPPoE, DHCP, Hik-Connect, DNS, DDNS, NTP, SADP, NFS, iSCSI, UPnP, HTTPS, ONVIF Interface de disque dur (SATA) : 1 SATA Prise en charge maximale du disque dur (Go, To) : Jusqu\u2019\u00e0 10 To de capacit\u00e9 pour chaque disque Max. Prise en charge du stockage : 10 To Interface r\u00e9seau (RJ45) : 1 port RJ-45 (10\/100Mbps) Port USB : 2 ports USB 2.0 Connexions \u00e0 distance : 128 Entr\u00e9e CVBS : PAL\/NTSC Source de courant : 12 VCC Consommation d\u2019\u00e9nergie : &lt;-10W Dimensions : 260 x 222 x 45 mm Poids (kg) : 1.10 kg Caract\u00e9ristique : Prise en charge de la compression vid\u00e9o H.265 Pro+\/H.265 Pro\/H.265, prise en charge de l\u2019entr\u00e9e vid\u00e9o HDTVI\/AHD\/CVI\/CVBS\/IP, entr\u00e9e de cam\u00e9ra IP jusqu\u2019\u00e0 18 canaux (jusqu\u2019\u00e0 5 MP), max. 800 m pour 1080p et 1200 m pour la transmission du signal HDTVI 720p, jusqu\u2019\u00e0 10 To de capacit\u00e9 par disque dur.\" \/>\n<meta property=\"og:url\" content=\"https:\/\/nextgen-sn.com\/?product=dvr-16-ports-turbo-hd-4-0\" \/>\n<meta property=\"og:site_name\" content=\"NEXT GEN GROUP\" \/>\n<meta property=\"article:modified_time\" content=\"2025-09-10T15:54:18+00:00\" \/>\n<meta property=\"og:image\" content=\"https:\/\/nextgen-sn.com\/wp-content\/uploads\/2025\/09\/MB-0238HNN-H10-260A0-U0L1-A0-P-HIKVISION.png.thumb_.1280.1280.webp\" \/>\n\t<meta property=\"og:image:width\" content=\"1280\" \/>\n\t<meta property=\"og:image:height\" content=\"1280\" \/>\n\t<meta property=\"og:image:type\" content=\"image\/webp\" \/>\n<meta name=\"twitter:card\" content=\"summary_large_image\" \/>\n<meta name=\"twitter:label1\" content=\"Dur\u00e9e de lecture estim\u00e9e\" \/>\n\t<meta name=\"twitter:data1\" content=\"2 minutes\" \/>\n<script type=\"application\/ld+json\" class=\"yoast-schema-graph\">{\"@context\":\"https:\\\/\\\/schema.org\",\"@graph\":[{\"@type\":\"WebPage\",\"@id\":\"https:\\\/\\\/nextgen-sn.com\\\/?product=dvr-16-ports-turbo-hd-4-0\",\"url\":\"https:\\\/\\\/nextgen-sn.com\\\/?product=dvr-16-ports-turbo-hd-4-0\",\"name\":\"DVR 16 ports Turbo HD 4.0 - NEXT GEN GROUP\",\"isPartOf\":{\"@id\":\"https:\\\/\\\/nextgen-sn.com\\\/#website\"},\"primaryImageOfPage\":{\"@id\":\"https:\\\/\\\/nextgen-sn.com\\\/?product=dvr-16-ports-turbo-hd-4-0#primaryimage\"},\"image\":{\"@id\":\"https:\\\/\\\/nextgen-sn.com\\\/?product=dvr-16-ports-turbo-hd-4-0#primaryimage\"},\"thumbnailUrl\":\"https:\\\/\\\/nextgen-sn.com\\\/wp-content\\\/uploads\\\/2025\\\/09\\\/MB-0238HNN-H10-260A0-U0L1-A0-P-HIKVISION.png.thumb_.1280.1280.webp\",\"datePublished\":\"2025-09-10T15:54:15+00:00\",\"dateModified\":\"2025-09-10T15:54:18+00:00\",\"breadcrumb\":{\"@id\":\"https:\\\/\\\/nextgen-sn.com\\\/?product=dvr-16-ports-turbo-hd-4-0#breadcrumb\"},\"inLanguage\":\"fr-FR\",\"potentialAction\":[{\"@type\":\"ReadAction\",\"target\":[\"https:\\\/\\\/nextgen-sn.com\\\/?product=dvr-16-ports-turbo-hd-4-0\"]}]},{\"@type\":\"ImageObject\",\"inLanguage\":\"fr-FR\",\"@id\":\"https:\\\/\\\/nextgen-sn.com\\\/?product=dvr-16-ports-turbo-hd-4-0#primaryimage\",\"url\":\"https:\\\/\\\/nextgen-sn.com\\\/wp-content\\\/uploads\\\/2025\\\/09\\\/MB-0238HNN-H10-260A0-U0L1-A0-P-HIKVISION.png.thumb_.1280.1280.webp\",\"contentUrl\":\"https:\\\/\\\/nextgen-sn.com\\\/wp-content\\\/uploads\\\/2025\\\/09\\\/MB-0238HNN-H10-260A0-U0L1-A0-P-HIKVISION.png.thumb_.1280.1280.webp\",\"width\":1280,\"height\":1280},{\"@type\":\"BreadcrumbList\",\"@id\":\"https:\\\/\\\/nextgen-sn.com\\\/?product=dvr-16-ports-turbo-hd-4-0#breadcrumb\",\"itemListElement\":[{\"@type\":\"ListItem\",\"position\":1,\"name\":\"Accueil\",\"item\":\"https:\\\/\\\/nextgen-sn.com\\\/\"},{\"@type\":\"ListItem\",\"position\":2,\"name\":\"Produits\",\"item\":\"https:\\\/\\\/nextgen-sn.com\\\/?post_type=product\"},{\"@type\":\"ListItem\",\"position\":3,\"name\":\"DVR 16 ports Turbo HD 4.0\"}]},{\"@type\":\"WebSite\",\"@id\":\"https:\\\/\\\/nextgen-sn.com\\\/#website\",\"url\":\"https:\\\/\\\/nextgen-sn.com\\\/\",\"name\":\"NEXT GEN GROUP\",\"description\":\"Next Gen Group offre des services dans le domaine de l&#039;affichage gynamique\",\"publisher\":{\"@id\":\"https:\\\/\\\/nextgen-sn.com\\\/#organization\"},\"potentialAction\":[{\"@type\":\"SearchAction\",\"target\":{\"@type\":\"EntryPoint\",\"urlTemplate\":\"https:\\\/\\\/nextgen-sn.com\\\/?s={search_term_string}\"},\"query-input\":{\"@type\":\"PropertyValueSpecification\",\"valueRequired\":true,\"valueName\":\"search_term_string\"}}],\"inLanguage\":\"fr-FR\"},{\"@type\":\"Organization\",\"@id\":\"https:\\\/\\\/nextgen-sn.com\\\/#organization\",\"name\":\"NEXT GEN GROUP\",\"url\":\"https:\\\/\\\/nextgen-sn.com\\\/\",\"logo\":{\"@type\":\"ImageObject\",\"inLanguage\":\"fr-FR\",\"@id\":\"https:\\\/\\\/nextgen-sn.com\\\/#\\\/schema\\\/logo\\\/image\\\/\",\"url\":\"https:\\\/\\\/nextgen-sn.com\\\/wp-content\\\/uploads\\\/2025\\\/08\\\/Logo-Next-Gen.png\",\"contentUrl\":\"https:\\\/\\\/nextgen-sn.com\\\/wp-content\\\/uploads\\\/2025\\\/08\\\/Logo-Next-Gen.png\",\"width\":341,\"height\":149,\"caption\":\"NEXT GEN GROUP\"},\"image\":{\"@id\":\"https:\\\/\\\/nextgen-sn.com\\\/#\\\/schema\\\/logo\\\/image\\\/\"}}]}<\/script>\n<!-- \/ Yoast SEO plugin. -->","yoast_head_json":{"title":"DVR 16 ports Turbo HD 4.0 - NEXT GEN GROUP","robots":{"index":"index","follow":"follow","max-snippet":"max-snippet:-1","max-image-preview":"max-image-preview:large","max-video-preview":"max-video-preview:-1"},"canonical":"https:\/\/nextgen-sn.com\/?product=dvr-16-ports-turbo-hd-4-0","og_locale":"fr_FR","og_type":"article","og_title":"DVR 16 ports Turbo HD 4.0 - NEXT GEN GROUP","og_description":"Caract\u00e9ristiques principales Marque : Hikvision Mod\u00e8le : Hikvision DS-7216HGHI-K1 Canal d\u2019entr\u00e9e vid\u00e9o (BNC) : 16 canaux, BNC Compression\/format vid\u00e9o : H.265 Pro+\/ H.265 Pro\/ H.265\/ H.264+\/ H.264 Sortie vid\u00e9o (VGA) : 1 canal, 1920 x 1080\/60 Hz, 1280 x 1024\/60 Hz, 1280 x 720\/60 Hz, 1024 x 768\/60 Hz Sortie vid\u00e9o (HDMI) : R\u00e9solution 1 canal : 1920 x 1080\/60 Hz, 1280 x 1024\/60 Hz, 1280 x 720\/60 Hz, 1024 x 768\/60 Hz R\u00e9s. d\u2019enregistrement vid\u00e9o. : 1080p, 720p, VGA, WD1, 4CIF, CIF Max. R\u00e9s. d\u2019enregistrement vid\u00e9o. : 1080p Bitrate vid\u00e9o : 32 Kbit\/s \u00e0 4 Mbit\/s Entr\u00e9e vid\u00e9o IP : 2 canaux (jusqu\u2019\u00e0 18 canaux) Entr\u00e9e vid\u00e9o analogique et HD-TVI : 1080p25, 1080p30, 720p25, 720p30 Canal d\u2019entr\u00e9e audio (RCA) : RCA 1 canal (2,0 Vp-p, 1 k om\u00e9ga) Compression audio : G.711u Canal de sortie audio : 1 canal, RCA (lin\u00e9aire, 1k om\u00e9ga) Audio bidirectionnel : 1 canal, RCA (2,0 Vp-p, 1K om\u00e9ga) Bitrate audio : 64 Kbits\/s Fr\u00e9quence d\u2019images : Flux principal : Pour un acc\u00e8s au flux 1080p : 1080p lite\/720p lite\/WD1\/4CIF\/VGA 15fps ; CIF 25 ips (P)\/30 ips (N), Pour un acc\u00e8s au flux 720p : 720p\/WD1\/4CIF\/VGA 15 ips ; CIF 25fps (P)\/30fps (N), Pour l\u2019acc\u00e8s au flux de d\u00e9finition standard : WD1\/4CIF\/VGA\/CIF25fps (P)\/30fps (N). Type de flux : Vid\u00e9o, vid\u00e9o et audio Prise en charge du double flux : Oui Lecture synchrone : 16 canaux Protocole r\u00e9seau : TCP\/IP, PPPoE, DHCP, Hik-Connect, DNS, DDNS, NTP, SADP, NFS, iSCSI, UPnP, HTTPS, ONVIF Interface de disque dur (SATA) : 1 SATA Prise en charge maximale du disque dur (Go, To) : Jusqu\u2019\u00e0 10 To de capacit\u00e9 pour chaque disque Max. Prise en charge du stockage : 10 To Interface r\u00e9seau (RJ45) : 1 port RJ-45 (10\/100Mbps) Port USB : 2 ports USB 2.0 Connexions \u00e0 distance : 128 Entr\u00e9e CVBS : PAL\/NTSC Source de courant : 12 VCC Consommation d\u2019\u00e9nergie : &lt;-10W Dimensions : 260 x 222 x 45 mm Poids (kg) : 1.10 kg Caract\u00e9ristique : Prise en charge de la compression vid\u00e9o H.265 Pro+\/H.265 Pro\/H.265, prise en charge de l\u2019entr\u00e9e vid\u00e9o HDTVI\/AHD\/CVI\/CVBS\/IP, entr\u00e9e de cam\u00e9ra IP jusqu\u2019\u00e0 18 canaux (jusqu\u2019\u00e0 5 MP), max. 800 m pour 1080p et 1200 m pour la transmission du signal HDTVI 720p, jusqu\u2019\u00e0 10 To de capacit\u00e9 par disque dur.","og_url":"https:\/\/nextgen-sn.com\/?product=dvr-16-ports-turbo-hd-4-0","og_site_name":"NEXT GEN GROUP","article_modified_time":"2025-09-10T15:54:18+00:00","og_image":[{"width":1280,"height":1280,"url":"https:\/\/nextgen-sn.com\/wp-content\/uploads\/2025\/09\/MB-0238HNN-H10-260A0-U0L1-A0-P-HIKVISION.png.thumb_.1280.1280.webp","type":"image\/webp"}],"twitter_card":"summary_large_image","twitter_misc":{"Dur\u00e9e de lecture estim\u00e9e":"2 minutes"},"schema":{"@context":"https:\/\/schema.org","@graph":[{"@type":"WebPage","@id":"https:\/\/nextgen-sn.com\/?product=dvr-16-ports-turbo-hd-4-0","url":"https:\/\/nextgen-sn.com\/?product=dvr-16-ports-turbo-hd-4-0","name":"DVR 16 ports Turbo HD 4.0 - NEXT GEN GROUP","isPartOf":{"@id":"https:\/\/nextgen-sn.com\/#website"},"primaryImageOfPage":{"@id":"https:\/\/nextgen-sn.com\/?product=dvr-16-ports-turbo-hd-4-0#primaryimage"},"image":{"@id":"https:\/\/nextgen-sn.com\/?product=dvr-16-ports-turbo-hd-4-0#primaryimage"},"thumbnailUrl":"https:\/\/nextgen-sn.com\/wp-content\/uploads\/2025\/09\/MB-0238HNN-H10-260A0-U0L1-A0-P-HIKVISION.png.thumb_.1280.1280.webp","datePublished":"2025-09-10T15:54:15+00:00","dateModified":"2025-09-10T15:54:18+00:00","breadcrumb":{"@id":"https:\/\/nextgen-sn.com\/?product=dvr-16-ports-turbo-hd-4-0#breadcrumb"},"inLanguage":"fr-FR","potentialAction":[{"@type":"ReadAction","target":["https:\/\/nextgen-sn.com\/?product=dvr-16-ports-turbo-hd-4-0"]}]},{"@type":"ImageObject","inLanguage":"fr-FR","@id":"https:\/\/nextgen-sn.com\/?product=dvr-16-ports-turbo-hd-4-0#primaryimage","url":"https:\/\/nextgen-sn.com\/wp-content\/uploads\/2025\/09\/MB-0238HNN-H10-260A0-U0L1-A0-P-HIKVISION.png.thumb_.1280.1280.webp","contentUrl":"https:\/\/nextgen-sn.com\/wp-content\/uploads\/2025\/09\/MB-0238HNN-H10-260A0-U0L1-A0-P-HIKVISION.png.thumb_.1280.1280.webp","width":1280,"height":1280},{"@type":"BreadcrumbList","@id":"https:\/\/nextgen-sn.com\/?product=dvr-16-ports-turbo-hd-4-0#breadcrumb","itemListElement":[{"@type":"ListItem","position":1,"name":"Accueil","item":"https:\/\/nextgen-sn.com\/"},{"@type":"ListItem","position":2,"name":"Produits","item":"https:\/\/nextgen-sn.com\/?post_type=product"},{"@type":"ListItem","position":3,"name":"DVR 16 ports Turbo HD 4.0"}]},{"@type":"WebSite","@id":"https:\/\/nextgen-sn.com\/#website","url":"https:\/\/nextgen-sn.com\/","name":"NEXT GEN GROUP","description":"Next Gen Group offre des services dans le domaine de l&#039;affichage gynamique","publisher":{"@id":"https:\/\/nextgen-sn.com\/#organization"},"potentialAction":[{"@type":"SearchAction","target":{"@type":"EntryPoint","urlTemplate":"https:\/\/nextgen-sn.com\/?s={search_term_string}"},"query-input":{"@type":"PropertyValueSpecification","valueRequired":true,"valueName":"search_term_string"}}],"inLanguage":"fr-FR"},{"@type":"Organization","@id":"https:\/\/nextgen-sn.com\/#organization","name":"NEXT GEN GROUP","url":"https:\/\/nextgen-sn.com\/","logo":{"@type":"ImageObject","inLanguage":"fr-FR","@id":"https:\/\/nextgen-sn.com\/#\/schema\/logo\/image\/","url":"https:\/\/nextgen-sn.com\/wp-content\/uploads\/2025\/08\/Logo-Next-Gen.png","contentUrl":"https:\/\/nextgen-sn.com\/wp-content\/uploads\/2025\/08\/Logo-Next-Gen.png","width":341,"height":149,"caption":"NEXT GEN GROUP"},"image":{"@id":"https:\/\/nextgen-sn.com\/#\/schema\/logo\/image\/"}}]}},"_links":{"self":[{"href":"https:\/\/nextgen-sn.com\/index.php?rest_route=\/wp\/v2\/product\/2781","targetHints":{"allow":["GET"]}}],"collection":[{"href":"https:\/\/nextgen-sn.com\/index.php?rest_route=\/wp\/v2\/product"}],"about":[{"href":"https:\/\/nextgen-sn.com\/index.php?rest_route=\/wp\/v2\/types\/product"}],"wp:featuredmedia":[{"embeddable":true,"href":"https:\/\/nextgen-sn.com\/index.php?rest_route=\/wp\/v2\/media\/2811"}],"wp:attachment":[{"href":"https:\/\/nextgen-sn.com\/index.php?rest_route=%2Fwp%2Fv2%2Fmedia&parent=2781"}],"wp:term":[{"taxonomy":"product_brand","embeddable":true,"href":"https:\/\/nextgen-sn.com\/index.php?rest_route=%2Fwp%2Fv2%2Fproduct_brand&post=2781"},{"taxonomy":"product_cat","embeddable":true,"href":"https:\/\/nextgen-sn.com\/index.php?rest_route=%2Fwp%2Fv2%2Fproduct_cat&post=2781"},{"taxonomy":"product_tag","embeddable":true,"href":"https:\/\/nextgen-sn.com\/index.php?rest_route=%2Fwp%2Fv2%2Fproduct_tag&post=2781"}],"curies":[{"name":"wp","href":"https:\/\/api.w.org\/{rel}","templated":true}]}}