{"id":2778,"date":"2025-09-10T15:54:15","date_gmt":"2025-09-10T15:54:15","guid":{"rendered":"https:\/\/nextgen.leden-shop.com\/?post_type=product&#038;p=2778"},"modified":"2025-09-10T15:54:17","modified_gmt":"2025-09-10T15:54:17","slug":"nvr-poe-16-ports","status":"publish","type":"product","link":"https:\/\/nextgen-sn.com\/?product=nvr-poe-16-ports","title":{"rendered":"NVR PoE 16 ports"},"content":{"rendered":"<h2 class=\"red-text\">NVR PoE 4K 16 cam\u00e9ras IP Hikvision ou compatibles ONVIF<\/h2>\n<p>NVR\u00a0Hikvision\u00a016\u00a0cam\u00e9ras IP<br \/>\n16 ports RJ45 PoE<br \/>\nCapacit\u00e9 : 4\u00a0disques durs\u00a0de 8To maximum pour une capacit\u00e9 globale jusqu&rsquo;\u00e0 24To<\/p>\n<p>G\u00e8re les codecs H264, H264+ et H265<\/p>\n<p>Sorties vid\u00e9o HDMI et VGA simultan\u00e9es avec choix des cam\u00e9ras affich\u00e9es sur chaque \u00e9cran.<\/p>\n<p>Sortie HDMI jusqu&rsquo;\u00e0 4K (3840 x 2160) et r\u00e9solution d&rsquo;enregistrement jusqu&rsquo;\u00e0 8 M\u00e9gapixels (4K).<\/p>\n<p><em>Une t\u00e9l\u00e9commande et une souris incluses<\/em><br \/>\n<em>Moniteur et\u00a0disque dur\u00a0en option<\/em><\/p>\n<p>Compatible Windows XP, Windows 7, Windows 8, Windows 10 et MAC<\/p>\n<p>Cet enregistreur num\u00e9rique HIKVIVSION est la solution id\u00e9ale pour enregistrer 24h\/7 toute activit\u00e9 dans vos locaux et visualiser \u00e0 distance et en temps r\u00e9el les cam\u00e9ras de\u00a0vid\u00e9osurveillance\u00a0qui lui sont reli\u00e9es.<\/p>\n<section id=\"TabDescription\" class=\"page-product-box long_description\">\n<div id=\"plus_de_details\" class=\"rte\">\n<h2 class=\"red-text\">NVR PoE Hikvision DS-7716NI-K4\/16P<\/h2>\n<p><strong>Vid\u00e9o<\/strong>\u00a0<strong>entrant<\/strong><\/p>\n<ul>\n<li>16\u00a0cam\u00e9ras IP<\/li>\n<li>Audio : 1-ch, RCA<\/li>\n<\/ul>\n<p><strong>R\u00e9seau<\/strong><\/p>\n<ul>\n<li>160Mbps entrant<\/li>\n<li>160Mbps sortant<\/li>\n<li>128 connections distantes<\/li>\n<\/ul>\n<p><strong>Vid\u00e9o sortant<\/strong><\/p>\n<ul>\n<li>R\u00e9solution enregistrement : 8MP\/6MP\/5MP\/3MP\/1080P\/UXGA\/720P\/VGA\/4CIF\/DCIF\/2CIF\/CIF\/QCIF<\/li>\n<li>1 HDMI\/1 VGA<\/li>\n<li>Audio : 1-ch, RCA \u00a0(Linear, 1 K\u03a9)<\/li>\n<\/ul>\n<p><strong>D\u00e9codage<\/strong><\/p>\n<ul>\n<li>Vue en direct\/Playback (r\u00e9solution) :\n<ul>\n<li>HDMI : 4K (3840 x 2160)\/1920 x 1080\/1600 x 1200\/1280 x 1024\/1280 x 720\/1024 x 768<\/li>\n<li>VGA : 1920 x 1080\/1280 x 1024\/1280 x 720\/1024 x 768<\/li>\n<\/ul>\n<\/li>\n<li>Capacit\u00e9 : 16 voies 1080P \/ 2 voies 4K<\/li>\n<\/ul>\n<p><strong>Stockage (disque dur)<\/strong><\/p>\n<ul>\n<li>Interface : 4 SATA pour 4\u00a0disques durs\u00a0max<\/li>\n<li>Capacit\u00e9 max : 24To (4 x 6To)<\/li>\n<\/ul>\n<p><strong>PoE<\/strong><\/p>\n<ul>\n<li>16 ports RJ45 PoE ind\u00e9pendants<\/li>\n<li>Puissance max : 200W<\/li>\n<li>Standards support\u00e9s : AF et AT<\/li>\n<\/ul>\n<p><strong>Interfaces externes<\/strong><\/p>\n<ul>\n<li>1 RJ45 10\/100\/1000Mbps<\/li>\n<li>2 USB 2.0<\/li>\n<li>1 USB 3.0<\/li>\n<li>Interface s\u00e9rie : RS-232 et RS-485 (half-duplex)<\/li>\n<li>Alarme in\/out : 16\/4<\/li>\n<\/ul>\n<p><strong>Autres<\/strong><\/p>\n<ul>\n<li>Alimentation : 100 ~ 240 VAC<\/li>\n<li>Consommation (hors PoE) : &lt; 20W<\/li>\n<li>temp\u00e9rature de fonctionnement : -10\u00b0C ~ +55\u00b0C<\/li>\n<li>Humidit\u00e9 de fonctionnement : 10% ~ 90%<\/li>\n<li>Ch\u00e2ssis : 19&Prime;, rackable chassis 1.5U<\/li>\n<li>Dimension : 445 x 390 x 70 mm<\/li>\n<\/ul>\n<\/div>\n<\/section>\n","protected":false},"excerpt":{"rendered":"<p class=\"tx-excerpt\">NVR PoE 4K 16 cam\u00e9ras IP Hikvision ou compatibles ONVIF NVR\u00a0Hikvision\u00a016\u00a0cam\u00e9ras IP 16 ports RJ45 PoE Capacit\u00e9 : 4\u00a0disques durs\u00a0de 8To maximum pour une capacit\u00e9 globale jusqu&rsquo;\u00e0 24To G\u00e8re les codecs H264, H264+ et H265...<\/p>","protected":false},"featured_media":2808,"template":"","meta":{"_joinchat":[]},"product_brand":[],"product_cat":[32],"product_tag":[],"class_list":{"0":"post-2778","1":"product","2":"type-product","3":"status-publish","4":"has-post-thumbnail","6":"product_cat-nvr","8":"first","9":"instock","10":"taxable","11":"shipping-taxable","12":"purchasable","13":"product-type-simple"},"yoast_head":"<!-- This site is optimized with the Yoast SEO plugin v27.4 - https:\/\/yoast.com\/product\/yoast-seo-wordpress\/ -->\n<title>NVR PoE 16 ports - NEXT GEN GROUP<\/title>\n<meta name=\"robots\" content=\"index, follow, max-snippet:-1, max-image-preview:large, max-video-preview:-1\" \/>\n<link rel=\"canonical\" href=\"https:\/\/nextgen-sn.com\/?product=nvr-poe-16-ports\" \/>\n<meta property=\"og:locale\" content=\"fr_FR\" \/>\n<meta property=\"og:type\" content=\"article\" \/>\n<meta property=\"og:title\" content=\"NVR PoE 16 ports - NEXT GEN GROUP\" \/>\n<meta property=\"og:description\" content=\"NVR PoE 4K 16 cam\u00e9ras IP Hikvision ou compatibles ONVIF NVR\u00a0Hikvision\u00a016\u00a0cam\u00e9ras IP 16 ports RJ45 PoE Capacit\u00e9 : 4\u00a0disques durs\u00a0de 8To maximum pour une capacit\u00e9 globale jusqu&rsquo;\u00e0 24To G\u00e8re les codecs H264, H264+ et H265 Sorties vid\u00e9o HDMI et VGA simultan\u00e9es avec choix des cam\u00e9ras affich\u00e9es sur chaque \u00e9cran. Sortie HDMI jusqu&rsquo;\u00e0 4K (3840 x 2160) et r\u00e9solution d&rsquo;enregistrement jusqu&rsquo;\u00e0 8 M\u00e9gapixels (4K). Une t\u00e9l\u00e9commande et une souris incluses Moniteur et\u00a0disque dur\u00a0en option Compatible Windows XP, Windows 7, Windows 8, Windows 10 et MAC Cet enregistreur num\u00e9rique HIKVIVSION est la solution id\u00e9ale pour enregistrer 24h\/7 toute activit\u00e9 dans vos locaux et visualiser \u00e0 distance et en temps r\u00e9el les cam\u00e9ras de\u00a0vid\u00e9osurveillance\u00a0qui lui sont reli\u00e9es. NVR PoE Hikvision DS-7716NI-K4\/16P Vid\u00e9o\u00a0entrant 16\u00a0cam\u00e9ras IP Audio : 1-ch, RCA R\u00e9seau 160Mbps entrant 160Mbps sortant 128 connections distantes Vid\u00e9o sortant R\u00e9solution enregistrement : 8MP\/6MP\/5MP\/3MP\/1080P\/UXGA\/720P\/VGA\/4CIF\/DCIF\/2CIF\/CIF\/QCIF 1 HDMI\/1 VGA Audio : 1-ch, RCA \u00a0(Linear, 1 K\u03a9) D\u00e9codage Vue en direct\/Playback (r\u00e9solution) : HDMI : 4K (3840 x 2160)\/1920 x 1080\/1600 x 1200\/1280 x 1024\/1280 x 720\/1024 x 768 VGA : 1920 x 1080\/1280 x 1024\/1280 x 720\/1024 x 768 Capacit\u00e9 : 16 voies 1080P \/ 2 voies 4K Stockage (disque dur) Interface : 4 SATA pour 4\u00a0disques durs\u00a0max Capacit\u00e9 max : 24To (4 x 6To) PoE 16 ports RJ45 PoE ind\u00e9pendants Puissance max : 200W Standards support\u00e9s : AF et AT Interfaces externes 1 RJ45 10\/100\/1000Mbps 2 USB 2.0 1 USB 3.0 Interface s\u00e9rie : RS-232 et RS-485 (half-duplex) Alarme in\/out : 16\/4 Autres Alimentation : 100 ~ 240 VAC Consommation (hors PoE) : &lt; 20W temp\u00e9rature de fonctionnement : -10\u00b0C ~ +55\u00b0C Humidit\u00e9 de fonctionnement : 10% ~ 90% Ch\u00e2ssis : 19&Prime;, rackable chassis 1.5U Dimension : 445 x 390 x 70 mm\" \/>\n<meta property=\"og:url\" content=\"https:\/\/nextgen-sn.com\/?product=nvr-poe-16-ports\" \/>\n<meta property=\"og:site_name\" content=\"NEXT GEN GROUP\" \/>\n<meta property=\"article:modified_time\" content=\"2025-09-10T15:54:17+00:00\" \/>\n<meta property=\"og:image\" content=\"https:\/\/nextgen-sn.com\/wp-content\/uploads\/2025\/09\/MB-202Y-P-HIKVISION.png.thumb_.1280.1280.webp\" \/>\n\t<meta property=\"og:image:width\" content=\"1280\" \/>\n\t<meta property=\"og:image:height\" content=\"1280\" \/>\n\t<meta property=\"og:image:type\" content=\"image\/webp\" \/>\n<meta name=\"twitter:card\" content=\"summary_large_image\" \/>\n<meta name=\"twitter:label1\" content=\"Dur\u00e9e de lecture estim\u00e9e\" \/>\n\t<meta name=\"twitter:data1\" content=\"1 minute\" \/>\n<script type=\"application\/ld+json\" class=\"yoast-schema-graph\">{\"@context\":\"https:\\\/\\\/schema.org\",\"@graph\":[{\"@type\":\"WebPage\",\"@id\":\"https:\\\/\\\/nextgen-sn.com\\\/?product=nvr-poe-16-ports\",\"url\":\"https:\\\/\\\/nextgen-sn.com\\\/?product=nvr-poe-16-ports\",\"name\":\"NVR PoE 16 ports - NEXT GEN GROUP\",\"isPartOf\":{\"@id\":\"https:\\\/\\\/nextgen-sn.com\\\/#website\"},\"primaryImageOfPage\":{\"@id\":\"https:\\\/\\\/nextgen-sn.com\\\/?product=nvr-poe-16-ports#primaryimage\"},\"image\":{\"@id\":\"https:\\\/\\\/nextgen-sn.com\\\/?product=nvr-poe-16-ports#primaryimage\"},\"thumbnailUrl\":\"https:\\\/\\\/nextgen-sn.com\\\/wp-content\\\/uploads\\\/2025\\\/09\\\/MB-202Y-P-HIKVISION.png.thumb_.1280.1280.webp\",\"datePublished\":\"2025-09-10T15:54:15+00:00\",\"dateModified\":\"2025-09-10T15:54:17+00:00\",\"breadcrumb\":{\"@id\":\"https:\\\/\\\/nextgen-sn.com\\\/?product=nvr-poe-16-ports#breadcrumb\"},\"inLanguage\":\"fr-FR\",\"potentialAction\":[{\"@type\":\"ReadAction\",\"target\":[\"https:\\\/\\\/nextgen-sn.com\\\/?product=nvr-poe-16-ports\"]}]},{\"@type\":\"ImageObject\",\"inLanguage\":\"fr-FR\",\"@id\":\"https:\\\/\\\/nextgen-sn.com\\\/?product=nvr-poe-16-ports#primaryimage\",\"url\":\"https:\\\/\\\/nextgen-sn.com\\\/wp-content\\\/uploads\\\/2025\\\/09\\\/MB-202Y-P-HIKVISION.png.thumb_.1280.1280.webp\",\"contentUrl\":\"https:\\\/\\\/nextgen-sn.com\\\/wp-content\\\/uploads\\\/2025\\\/09\\\/MB-202Y-P-HIKVISION.png.thumb_.1280.1280.webp\",\"width\":1280,\"height\":1280},{\"@type\":\"BreadcrumbList\",\"@id\":\"https:\\\/\\\/nextgen-sn.com\\\/?product=nvr-poe-16-ports#breadcrumb\",\"itemListElement\":[{\"@type\":\"ListItem\",\"position\":1,\"name\":\"Accueil\",\"item\":\"https:\\\/\\\/nextgen-sn.com\\\/\"},{\"@type\":\"ListItem\",\"position\":2,\"name\":\"Produits\",\"item\":\"https:\\\/\\\/nextgen-sn.com\\\/?post_type=product\"},{\"@type\":\"ListItem\",\"position\":3,\"name\":\"NVR PoE 16 ports\"}]},{\"@type\":\"WebSite\",\"@id\":\"https:\\\/\\\/nextgen-sn.com\\\/#website\",\"url\":\"https:\\\/\\\/nextgen-sn.com\\\/\",\"name\":\"NEXT GEN GROUP\",\"description\":\"Next Gen Group offre des services dans le domaine de l&#039;affichage gynamique\",\"publisher\":{\"@id\":\"https:\\\/\\\/nextgen-sn.com\\\/#organization\"},\"potentialAction\":[{\"@type\":\"SearchAction\",\"target\":{\"@type\":\"EntryPoint\",\"urlTemplate\":\"https:\\\/\\\/nextgen-sn.com\\\/?s={search_term_string}\"},\"query-input\":{\"@type\":\"PropertyValueSpecification\",\"valueRequired\":true,\"valueName\":\"search_term_string\"}}],\"inLanguage\":\"fr-FR\"},{\"@type\":\"Organization\",\"@id\":\"https:\\\/\\\/nextgen-sn.com\\\/#organization\",\"name\":\"NEXT GEN GROUP\",\"url\":\"https:\\\/\\\/nextgen-sn.com\\\/\",\"logo\":{\"@type\":\"ImageObject\",\"inLanguage\":\"fr-FR\",\"@id\":\"https:\\\/\\\/nextgen-sn.com\\\/#\\\/schema\\\/logo\\\/image\\\/\",\"url\":\"https:\\\/\\\/nextgen-sn.com\\\/wp-content\\\/uploads\\\/2025\\\/08\\\/Logo-Next-Gen.png\",\"contentUrl\":\"https:\\\/\\\/nextgen-sn.com\\\/wp-content\\\/uploads\\\/2025\\\/08\\\/Logo-Next-Gen.png\",\"width\":341,\"height\":149,\"caption\":\"NEXT GEN GROUP\"},\"image\":{\"@id\":\"https:\\\/\\\/nextgen-sn.com\\\/#\\\/schema\\\/logo\\\/image\\\/\"}}]}<\/script>\n<!-- \/ Yoast SEO plugin. -->","yoast_head_json":{"title":"NVR PoE 16 ports - NEXT GEN GROUP","robots":{"index":"index","follow":"follow","max-snippet":"max-snippet:-1","max-image-preview":"max-image-preview:large","max-video-preview":"max-video-preview:-1"},"canonical":"https:\/\/nextgen-sn.com\/?product=nvr-poe-16-ports","og_locale":"fr_FR","og_type":"article","og_title":"NVR PoE 16 ports - NEXT GEN GROUP","og_description":"NVR PoE 4K 16 cam\u00e9ras IP Hikvision ou compatibles ONVIF NVR\u00a0Hikvision\u00a016\u00a0cam\u00e9ras IP 16 ports RJ45 PoE Capacit\u00e9 : 4\u00a0disques durs\u00a0de 8To maximum pour une capacit\u00e9 globale jusqu&rsquo;\u00e0 24To G\u00e8re les codecs H264, H264+ et H265 Sorties vid\u00e9o HDMI et VGA simultan\u00e9es avec choix des cam\u00e9ras affich\u00e9es sur chaque \u00e9cran. Sortie HDMI jusqu&rsquo;\u00e0 4K (3840 x 2160) et r\u00e9solution d&rsquo;enregistrement jusqu&rsquo;\u00e0 8 M\u00e9gapixels (4K). Une t\u00e9l\u00e9commande et une souris incluses Moniteur et\u00a0disque dur\u00a0en option Compatible Windows XP, Windows 7, Windows 8, Windows 10 et MAC Cet enregistreur num\u00e9rique HIKVIVSION est la solution id\u00e9ale pour enregistrer 24h\/7 toute activit\u00e9 dans vos locaux et visualiser \u00e0 distance et en temps r\u00e9el les cam\u00e9ras de\u00a0vid\u00e9osurveillance\u00a0qui lui sont reli\u00e9es. NVR PoE Hikvision DS-7716NI-K4\/16P Vid\u00e9o\u00a0entrant 16\u00a0cam\u00e9ras IP Audio : 1-ch, RCA R\u00e9seau 160Mbps entrant 160Mbps sortant 128 connections distantes Vid\u00e9o sortant R\u00e9solution enregistrement : 8MP\/6MP\/5MP\/3MP\/1080P\/UXGA\/720P\/VGA\/4CIF\/DCIF\/2CIF\/CIF\/QCIF 1 HDMI\/1 VGA Audio : 1-ch, RCA \u00a0(Linear, 1 K\u03a9) D\u00e9codage Vue en direct\/Playback (r\u00e9solution) : HDMI : 4K (3840 x 2160)\/1920 x 1080\/1600 x 1200\/1280 x 1024\/1280 x 720\/1024 x 768 VGA : 1920 x 1080\/1280 x 1024\/1280 x 720\/1024 x 768 Capacit\u00e9 : 16 voies 1080P \/ 2 voies 4K Stockage (disque dur) Interface : 4 SATA pour 4\u00a0disques durs\u00a0max Capacit\u00e9 max : 24To (4 x 6To) PoE 16 ports RJ45 PoE ind\u00e9pendants Puissance max : 200W Standards support\u00e9s : AF et AT Interfaces externes 1 RJ45 10\/100\/1000Mbps 2 USB 2.0 1 USB 3.0 Interface s\u00e9rie : RS-232 et RS-485 (half-duplex) Alarme in\/out : 16\/4 Autres Alimentation : 100 ~ 240 VAC Consommation (hors PoE) : &lt; 20W temp\u00e9rature de fonctionnement : -10\u00b0C ~ +55\u00b0C Humidit\u00e9 de fonctionnement : 10% ~ 90% Ch\u00e2ssis : 19&Prime;, rackable chassis 1.5U Dimension : 445 x 390 x 70 mm","og_url":"https:\/\/nextgen-sn.com\/?product=nvr-poe-16-ports","og_site_name":"NEXT GEN GROUP","article_modified_time":"2025-09-10T15:54:17+00:00","og_image":[{"width":1280,"height":1280,"url":"https:\/\/nextgen-sn.com\/wp-content\/uploads\/2025\/09\/MB-202Y-P-HIKVISION.png.thumb_.1280.1280.webp","type":"image\/webp"}],"twitter_card":"summary_large_image","twitter_misc":{"Dur\u00e9e de lecture estim\u00e9e":"1 minute"},"schema":{"@context":"https:\/\/schema.org","@graph":[{"@type":"WebPage","@id":"https:\/\/nextgen-sn.com\/?product=nvr-poe-16-ports","url":"https:\/\/nextgen-sn.com\/?product=nvr-poe-16-ports","name":"NVR PoE 16 ports - NEXT GEN GROUP","isPartOf":{"@id":"https:\/\/nextgen-sn.com\/#website"},"primaryImageOfPage":{"@id":"https:\/\/nextgen-sn.com\/?product=nvr-poe-16-ports#primaryimage"},"image":{"@id":"https:\/\/nextgen-sn.com\/?product=nvr-poe-16-ports#primaryimage"},"thumbnailUrl":"https:\/\/nextgen-sn.com\/wp-content\/uploads\/2025\/09\/MB-202Y-P-HIKVISION.png.thumb_.1280.1280.webp","datePublished":"2025-09-10T15:54:15+00:00","dateModified":"2025-09-10T15:54:17+00:00","breadcrumb":{"@id":"https:\/\/nextgen-sn.com\/?product=nvr-poe-16-ports#breadcrumb"},"inLanguage":"fr-FR","potentialAction":[{"@type":"ReadAction","target":["https:\/\/nextgen-sn.com\/?product=nvr-poe-16-ports"]}]},{"@type":"ImageObject","inLanguage":"fr-FR","@id":"https:\/\/nextgen-sn.com\/?product=nvr-poe-16-ports#primaryimage","url":"https:\/\/nextgen-sn.com\/wp-content\/uploads\/2025\/09\/MB-202Y-P-HIKVISION.png.thumb_.1280.1280.webp","contentUrl":"https:\/\/nextgen-sn.com\/wp-content\/uploads\/2025\/09\/MB-202Y-P-HIKVISION.png.thumb_.1280.1280.webp","width":1280,"height":1280},{"@type":"BreadcrumbList","@id":"https:\/\/nextgen-sn.com\/?product=nvr-poe-16-ports#breadcrumb","itemListElement":[{"@type":"ListItem","position":1,"name":"Accueil","item":"https:\/\/nextgen-sn.com\/"},{"@type":"ListItem","position":2,"name":"Produits","item":"https:\/\/nextgen-sn.com\/?post_type=product"},{"@type":"ListItem","position":3,"name":"NVR PoE 16 ports"}]},{"@type":"WebSite","@id":"https:\/\/nextgen-sn.com\/#website","url":"https:\/\/nextgen-sn.com\/","name":"NEXT GEN GROUP","description":"Next Gen Group offre des services dans le domaine de l&#039;affichage gynamique","publisher":{"@id":"https:\/\/nextgen-sn.com\/#organization"},"potentialAction":[{"@type":"SearchAction","target":{"@type":"EntryPoint","urlTemplate":"https:\/\/nextgen-sn.com\/?s={search_term_string}"},"query-input":{"@type":"PropertyValueSpecification","valueRequired":true,"valueName":"search_term_string"}}],"inLanguage":"fr-FR"},{"@type":"Organization","@id":"https:\/\/nextgen-sn.com\/#organization","name":"NEXT GEN GROUP","url":"https:\/\/nextgen-sn.com\/","logo":{"@type":"ImageObject","inLanguage":"fr-FR","@id":"https:\/\/nextgen-sn.com\/#\/schema\/logo\/image\/","url":"https:\/\/nextgen-sn.com\/wp-content\/uploads\/2025\/08\/Logo-Next-Gen.png","contentUrl":"https:\/\/nextgen-sn.com\/wp-content\/uploads\/2025\/08\/Logo-Next-Gen.png","width":341,"height":149,"caption":"NEXT GEN GROUP"},"image":{"@id":"https:\/\/nextgen-sn.com\/#\/schema\/logo\/image\/"}}]}},"_links":{"self":[{"href":"https:\/\/nextgen-sn.com\/index.php?rest_route=\/wp\/v2\/product\/2778","targetHints":{"allow":["GET"]}}],"collection":[{"href":"https:\/\/nextgen-sn.com\/index.php?rest_route=\/wp\/v2\/product"}],"about":[{"href":"https:\/\/nextgen-sn.com\/index.php?rest_route=\/wp\/v2\/types\/product"}],"wp:featuredmedia":[{"embeddable":true,"href":"https:\/\/nextgen-sn.com\/index.php?rest_route=\/wp\/v2\/media\/2808"}],"wp:attachment":[{"href":"https:\/\/nextgen-sn.com\/index.php?rest_route=%2Fwp%2Fv2%2Fmedia&parent=2778"}],"wp:term":[{"taxonomy":"product_brand","embeddable":true,"href":"https:\/\/nextgen-sn.com\/index.php?rest_route=%2Fwp%2Fv2%2Fproduct_brand&post=2778"},{"taxonomy":"product_cat","embeddable":true,"href":"https:\/\/nextgen-sn.com\/index.php?rest_route=%2Fwp%2Fv2%2Fproduct_cat&post=2778"},{"taxonomy":"product_tag","embeddable":true,"href":"https:\/\/nextgen-sn.com\/index.php?rest_route=%2Fwp%2Fv2%2Fproduct_tag&post=2778"}],"curies":[{"name":"wp","href":"https:\/\/api.w.org\/{rel}","templated":true}]}}