{"id":2773,"date":"2025-09-10T15:54:14","date_gmt":"2025-09-10T15:54:14","guid":{"rendered":"https:\/\/nextgen.leden-shop.com\/?post_type=product&#038;p=2773"},"modified":"2025-09-10T15:54:16","modified_gmt":"2025-09-10T15:54:16","slug":"mini-dvr-4","status":"publish","type":"product","link":"https:\/\/nextgen-sn.com\/?product=mini-dvr-4","title":{"rendered":"Mini DVR 4"},"content":{"rendered":"<h1 class=\"product_title entry-title\">Mini DVR H.265 1U 1080p Lite 4 canaux<\/h1>\n<div class=\"woocommerce-product-details__short-description\">\n<ul class=\"product_description_item-list\">\n<li class=\" product_description_item\">Classification des cibles humaines et v\u00e9hicules bas\u00e9e sur l\u2019apprentissage profond de Motion Detection 2.0<\/li>\n<li class=\" product_description_item\">Compression vid\u00e9o H.265 Pro+\/H.265 Pro\/H.265<\/li>\n<li class=\" product_description_item\">Entr\u00e9e vid\u00e9o HDTVI\/AHD\/CVI\/CVBS\/IP<\/li>\n<li class=\" product_description_item\">Audio par c\u00e2ble coaxial<\/li>\n<li class=\" product_description_item\">Entr\u00e9es de cam\u00e9ra IP jusqu\u2019\u00e0 5 canaux (jusqu\u2019\u00e0 2 MP)<\/li>\n<li class=\" product_description_item\">Capacit\u00e9 d\u2019encodage jusqu\u2019\u00e0 1080p Lite@15 ips<\/li>\n<li class=\" product_description_item\">Max. 1200 m pour le signal HDTVI 720p<br \/>\n<h1 class=\"product_title entry-title\">DS-7104HGHI-K1<\/h1>\n<\/li>\n<\/ul>\n<p>&nbsp;<\/p>\n<\/div>\n","protected":false},"excerpt":{"rendered":"<p class=\"tx-excerpt\">Mini DVR H.265 1U 1080p Lite 4 canaux Classification des cibles humaines et v\u00e9hicules bas\u00e9e sur l\u2019apprentissage profond de Motion Detection 2.0 Compression vid\u00e9o H.265 Pro+\/H.265 Pro\/H.265 Entr\u00e9e vid\u00e9o HDTVI\/AHD\/CVI\/CVBS\/IP Audio par c\u00e2ble coaxial Entr\u00e9es...<\/p>","protected":false},"featured_media":2803,"template":"","meta":{"_joinchat":[]},"product_brand":[],"product_cat":[37],"product_tag":[],"class_list":{"0":"post-2773","1":"product","2":"type-product","3":"status-publish","4":"has-post-thumbnail","6":"product_cat-dvr","8":"first","9":"instock","10":"taxable","11":"shipping-taxable","12":"purchasable","13":"product-type-simple"},"yoast_head":"<!-- This site is optimized with the Yoast SEO plugin v27.4 - https:\/\/yoast.com\/product\/yoast-seo-wordpress\/ -->\n<title>Mini DVR 4 - NEXT GEN GROUP<\/title>\n<meta name=\"robots\" content=\"index, follow, max-snippet:-1, max-image-preview:large, max-video-preview:-1\" \/>\n<link rel=\"canonical\" href=\"https:\/\/nextgen-sn.com\/?product=mini-dvr-4\" \/>\n<meta property=\"og:locale\" content=\"fr_FR\" \/>\n<meta property=\"og:type\" content=\"article\" \/>\n<meta property=\"og:title\" content=\"Mini DVR 4 - NEXT GEN GROUP\" \/>\n<meta property=\"og:description\" content=\"Mini DVR H.265 1U 1080p Lite 4 canaux Classification des cibles humaines et v\u00e9hicules bas\u00e9e sur l\u2019apprentissage profond de Motion Detection 2.0 Compression vid\u00e9o H.265 Pro+\/H.265 Pro\/H.265 Entr\u00e9e vid\u00e9o HDTVI\/AHD\/CVI\/CVBS\/IP Audio par c\u00e2ble coaxial Entr\u00e9es de cam\u00e9ra IP jusqu\u2019\u00e0 5 canaux (jusqu\u2019\u00e0 2 MP) Capacit\u00e9 d\u2019encodage jusqu\u2019\u00e0 1080p Lite@15 ips Max. 1200 m pour le signal HDTVI 720p DS-7104HGHI-K1 &nbsp;\" \/>\n<meta property=\"og:url\" content=\"https:\/\/nextgen-sn.com\/?product=mini-dvr-4\" \/>\n<meta property=\"og:site_name\" content=\"NEXT GEN GROUP\" \/>\n<meta property=\"article:modified_time\" content=\"2025-09-10T15:54:16+00:00\" \/>\n<meta property=\"og:image\" content=\"https:\/\/nextgen-sn.com\/wp-content\/uploads\/2025\/09\/dvr-mini-4ch.png\" \/>\n\t<meta property=\"og:image:width\" content=\"335\" \/>\n\t<meta property=\"og:image:height\" content=\"160\" \/>\n\t<meta property=\"og:image:type\" content=\"image\/png\" \/>\n<meta name=\"twitter:card\" content=\"summary_large_image\" \/>\n<script type=\"application\/ld+json\" class=\"yoast-schema-graph\">{\"@context\":\"https:\\\/\\\/schema.org\",\"@graph\":[{\"@type\":\"WebPage\",\"@id\":\"https:\\\/\\\/nextgen-sn.com\\\/?product=mini-dvr-4\",\"url\":\"https:\\\/\\\/nextgen-sn.com\\\/?product=mini-dvr-4\",\"name\":\"Mini DVR 4 - NEXT GEN GROUP\",\"isPartOf\":{\"@id\":\"https:\\\/\\\/nextgen-sn.com\\\/#website\"},\"primaryImageOfPage\":{\"@id\":\"https:\\\/\\\/nextgen-sn.com\\\/?product=mini-dvr-4#primaryimage\"},\"image\":{\"@id\":\"https:\\\/\\\/nextgen-sn.com\\\/?product=mini-dvr-4#primaryimage\"},\"thumbnailUrl\":\"https:\\\/\\\/nextgen-sn.com\\\/wp-content\\\/uploads\\\/2025\\\/09\\\/dvr-mini-4ch.png\",\"datePublished\":\"2025-09-10T15:54:14+00:00\",\"dateModified\":\"2025-09-10T15:54:16+00:00\",\"breadcrumb\":{\"@id\":\"https:\\\/\\\/nextgen-sn.com\\\/?product=mini-dvr-4#breadcrumb\"},\"inLanguage\":\"fr-FR\",\"potentialAction\":[{\"@type\":\"ReadAction\",\"target\":[\"https:\\\/\\\/nextgen-sn.com\\\/?product=mini-dvr-4\"]}]},{\"@type\":\"ImageObject\",\"inLanguage\":\"fr-FR\",\"@id\":\"https:\\\/\\\/nextgen-sn.com\\\/?product=mini-dvr-4#primaryimage\",\"url\":\"https:\\\/\\\/nextgen-sn.com\\\/wp-content\\\/uploads\\\/2025\\\/09\\\/dvr-mini-4ch.png\",\"contentUrl\":\"https:\\\/\\\/nextgen-sn.com\\\/wp-content\\\/uploads\\\/2025\\\/09\\\/dvr-mini-4ch.png\",\"width\":335,\"height\":160},{\"@type\":\"BreadcrumbList\",\"@id\":\"https:\\\/\\\/nextgen-sn.com\\\/?product=mini-dvr-4#breadcrumb\",\"itemListElement\":[{\"@type\":\"ListItem\",\"position\":1,\"name\":\"Accueil\",\"item\":\"https:\\\/\\\/nextgen-sn.com\\\/\"},{\"@type\":\"ListItem\",\"position\":2,\"name\":\"Produits\",\"item\":\"https:\\\/\\\/nextgen-sn.com\\\/?post_type=product\"},{\"@type\":\"ListItem\",\"position\":3,\"name\":\"Mini DVR 4\"}]},{\"@type\":\"WebSite\",\"@id\":\"https:\\\/\\\/nextgen-sn.com\\\/#website\",\"url\":\"https:\\\/\\\/nextgen-sn.com\\\/\",\"name\":\"NEXT GEN GROUP\",\"description\":\"Next Gen Group offre des services dans le domaine de l&#039;affichage gynamique\",\"publisher\":{\"@id\":\"https:\\\/\\\/nextgen-sn.com\\\/#organization\"},\"potentialAction\":[{\"@type\":\"SearchAction\",\"target\":{\"@type\":\"EntryPoint\",\"urlTemplate\":\"https:\\\/\\\/nextgen-sn.com\\\/?s={search_term_string}\"},\"query-input\":{\"@type\":\"PropertyValueSpecification\",\"valueRequired\":true,\"valueName\":\"search_term_string\"}}],\"inLanguage\":\"fr-FR\"},{\"@type\":\"Organization\",\"@id\":\"https:\\\/\\\/nextgen-sn.com\\\/#organization\",\"name\":\"NEXT GEN GROUP\",\"url\":\"https:\\\/\\\/nextgen-sn.com\\\/\",\"logo\":{\"@type\":\"ImageObject\",\"inLanguage\":\"fr-FR\",\"@id\":\"https:\\\/\\\/nextgen-sn.com\\\/#\\\/schema\\\/logo\\\/image\\\/\",\"url\":\"https:\\\/\\\/nextgen-sn.com\\\/wp-content\\\/uploads\\\/2025\\\/08\\\/Logo-Next-Gen.png\",\"contentUrl\":\"https:\\\/\\\/nextgen-sn.com\\\/wp-content\\\/uploads\\\/2025\\\/08\\\/Logo-Next-Gen.png\",\"width\":341,\"height\":149,\"caption\":\"NEXT GEN GROUP\"},\"image\":{\"@id\":\"https:\\\/\\\/nextgen-sn.com\\\/#\\\/schema\\\/logo\\\/image\\\/\"}}]}<\/script>\n<!-- \/ Yoast SEO plugin. -->","yoast_head_json":{"title":"Mini DVR 4 - NEXT GEN GROUP","robots":{"index":"index","follow":"follow","max-snippet":"max-snippet:-1","max-image-preview":"max-image-preview:large","max-video-preview":"max-video-preview:-1"},"canonical":"https:\/\/nextgen-sn.com\/?product=mini-dvr-4","og_locale":"fr_FR","og_type":"article","og_title":"Mini DVR 4 - NEXT GEN GROUP","og_description":"Mini DVR H.265 1U 1080p Lite 4 canaux Classification des cibles humaines et v\u00e9hicules bas\u00e9e sur l\u2019apprentissage profond de Motion Detection 2.0 Compression vid\u00e9o H.265 Pro+\/H.265 Pro\/H.265 Entr\u00e9e vid\u00e9o HDTVI\/AHD\/CVI\/CVBS\/IP Audio par c\u00e2ble coaxial Entr\u00e9es de cam\u00e9ra IP jusqu\u2019\u00e0 5 canaux (jusqu\u2019\u00e0 2 MP) Capacit\u00e9 d\u2019encodage jusqu\u2019\u00e0 1080p Lite@15 ips Max. 1200 m pour le signal HDTVI 720p DS-7104HGHI-K1 &nbsp;","og_url":"https:\/\/nextgen-sn.com\/?product=mini-dvr-4","og_site_name":"NEXT GEN GROUP","article_modified_time":"2025-09-10T15:54:16+00:00","og_image":[{"width":335,"height":160,"url":"https:\/\/nextgen-sn.com\/wp-content\/uploads\/2025\/09\/dvr-mini-4ch.png","type":"image\/png"}],"twitter_card":"summary_large_image","schema":{"@context":"https:\/\/schema.org","@graph":[{"@type":"WebPage","@id":"https:\/\/nextgen-sn.com\/?product=mini-dvr-4","url":"https:\/\/nextgen-sn.com\/?product=mini-dvr-4","name":"Mini DVR 4 - NEXT GEN GROUP","isPartOf":{"@id":"https:\/\/nextgen-sn.com\/#website"},"primaryImageOfPage":{"@id":"https:\/\/nextgen-sn.com\/?product=mini-dvr-4#primaryimage"},"image":{"@id":"https:\/\/nextgen-sn.com\/?product=mini-dvr-4#primaryimage"},"thumbnailUrl":"https:\/\/nextgen-sn.com\/wp-content\/uploads\/2025\/09\/dvr-mini-4ch.png","datePublished":"2025-09-10T15:54:14+00:00","dateModified":"2025-09-10T15:54:16+00:00","breadcrumb":{"@id":"https:\/\/nextgen-sn.com\/?product=mini-dvr-4#breadcrumb"},"inLanguage":"fr-FR","potentialAction":[{"@type":"ReadAction","target":["https:\/\/nextgen-sn.com\/?product=mini-dvr-4"]}]},{"@type":"ImageObject","inLanguage":"fr-FR","@id":"https:\/\/nextgen-sn.com\/?product=mini-dvr-4#primaryimage","url":"https:\/\/nextgen-sn.com\/wp-content\/uploads\/2025\/09\/dvr-mini-4ch.png","contentUrl":"https:\/\/nextgen-sn.com\/wp-content\/uploads\/2025\/09\/dvr-mini-4ch.png","width":335,"height":160},{"@type":"BreadcrumbList","@id":"https:\/\/nextgen-sn.com\/?product=mini-dvr-4#breadcrumb","itemListElement":[{"@type":"ListItem","position":1,"name":"Accueil","item":"https:\/\/nextgen-sn.com\/"},{"@type":"ListItem","position":2,"name":"Produits","item":"https:\/\/nextgen-sn.com\/?post_type=product"},{"@type":"ListItem","position":3,"name":"Mini DVR 4"}]},{"@type":"WebSite","@id":"https:\/\/nextgen-sn.com\/#website","url":"https:\/\/nextgen-sn.com\/","name":"NEXT GEN GROUP","description":"Next Gen Group offre des services dans le domaine de l&#039;affichage gynamique","publisher":{"@id":"https:\/\/nextgen-sn.com\/#organization"},"potentialAction":[{"@type":"SearchAction","target":{"@type":"EntryPoint","urlTemplate":"https:\/\/nextgen-sn.com\/?s={search_term_string}"},"query-input":{"@type":"PropertyValueSpecification","valueRequired":true,"valueName":"search_term_string"}}],"inLanguage":"fr-FR"},{"@type":"Organization","@id":"https:\/\/nextgen-sn.com\/#organization","name":"NEXT GEN GROUP","url":"https:\/\/nextgen-sn.com\/","logo":{"@type":"ImageObject","inLanguage":"fr-FR","@id":"https:\/\/nextgen-sn.com\/#\/schema\/logo\/image\/","url":"https:\/\/nextgen-sn.com\/wp-content\/uploads\/2025\/08\/Logo-Next-Gen.png","contentUrl":"https:\/\/nextgen-sn.com\/wp-content\/uploads\/2025\/08\/Logo-Next-Gen.png","width":341,"height":149,"caption":"NEXT GEN GROUP"},"image":{"@id":"https:\/\/nextgen-sn.com\/#\/schema\/logo\/image\/"}}]}},"_links":{"self":[{"href":"https:\/\/nextgen-sn.com\/index.php?rest_route=\/wp\/v2\/product\/2773","targetHints":{"allow":["GET"]}}],"collection":[{"href":"https:\/\/nextgen-sn.com\/index.php?rest_route=\/wp\/v2\/product"}],"about":[{"href":"https:\/\/nextgen-sn.com\/index.php?rest_route=\/wp\/v2\/types\/product"}],"wp:featuredmedia":[{"embeddable":true,"href":"https:\/\/nextgen-sn.com\/index.php?rest_route=\/wp\/v2\/media\/2803"}],"wp:attachment":[{"href":"https:\/\/nextgen-sn.com\/index.php?rest_route=%2Fwp%2Fv2%2Fmedia&parent=2773"}],"wp:term":[{"taxonomy":"product_brand","embeddable":true,"href":"https:\/\/nextgen-sn.com\/index.php?rest_route=%2Fwp%2Fv2%2Fproduct_brand&post=2773"},{"taxonomy":"product_cat","embeddable":true,"href":"https:\/\/nextgen-sn.com\/index.php?rest_route=%2Fwp%2Fv2%2Fproduct_cat&post=2773"},{"taxonomy":"product_tag","embeddable":true,"href":"https:\/\/nextgen-sn.com\/index.php?rest_route=%2Fwp%2Fv2%2Fproduct_tag&post=2773"}],"curies":[{"name":"wp","href":"https:\/\/api.w.org\/{rel}","templated":true}]}}