{"id":2739,"date":"2025-09-10T15:54:06","date_gmt":"2025-09-10T15:54:06","guid":{"rendered":"https:\/\/nextgen.leden-shop.com\/?post_type=product&#038;p=2739"},"modified":"2025-09-10T15:54:12","modified_gmt":"2025-09-10T15:54:12","slug":"kit-videophone-analogique","status":"publish","type":"product","link":"https:\/\/nextgen-sn.com\/?product=kit-videophone-analogique","title":{"rendered":"Kit vid\u00e9ophone analogique"},"content":{"rendered":"<h1 class=\"product_title entry-title\">Kit de vid\u00e9o pour Villa DS-KIS203T<\/h1>\n<p><strong><span class=\"tech-specs-items-description__title--heading\">Param\u00e8tres du poste de porte\/vid\u00e9o<\/span><\/strong><\/p>\n<ul class=\"tech-specs-items-description\" data-target=\"Door station\/Video parameters\">\n<li class=\"tech-specs-items-description-list\"><span class=\"tech-specs-items-description__title\">R\u00e9solution :\u00a0<\/span><span class=\"tech-specs-items-description__title-details\">1920 \u00d7 1080<\/span><\/li>\n<li class=\"tech-specs-items-description-list\"><span class=\"tech-specs-items-description__title\">Objectif :\u00a0<\/span><span class=\"tech-specs-items-description__title-details\">1\/2.7\u2033 CMOS<\/span><\/li>\n<li class=\"tech-specs-items-description-list\"><span class=\"tech-specs-items-description__title\">Champ de vision\u00a0<\/span><span class=\"tech-specs-items-description__title-details\">horizontal\u00a0: 66,2\u00a0\u00b0, vertical\u00a0: 37,2\u00a0\u00b0<\/span><\/li>\n<\/ul>\n<p><strong><span class=\"tech-specs-items-description__title--heading\">Station de porte\/Param\u00e8tres audio<\/span><\/strong><\/p>\n<ul class=\"tech-specs-items-description\" data-target=\"Door station\/Audio parameters\">\n<li class=\"tech-specs-items-description-list\"><span class=\"tech-specs-items-description__title\">Entr\u00e9e audio :\u00a0<\/span><span class=\"tech-specs-items-description__title-details\">Microphone omnidirectionnel int\u00e9gr\u00e9<\/span><\/li>\n<li class=\"tech-specs-items-description-list\"><span class=\"tech-specs-items-description__title\">Sortie audio : Haut\u00a0<\/span><span class=\"tech-specs-items-description__title-details\">-parleur int\u00e9gr\u00e9<\/span><\/li>\n<\/ul>\n<p><strong><span class=\"tech-specs-items-description__title--heading\">Interfaces portiers\/dispositifs<\/span><\/strong><\/p>\n<ul class=\"tech-specs-items-description\" data-target=\"Door station\/Device interfaces\">\n<li class=\"tech-specs-items-description-list\"><span class=\"tech-specs-items-description__title\">E\/S Sortie\u00a0<\/span><span class=\"tech-specs-items-description__title-details\">1 sortie relais<\/span><\/li>\n<li class=\"tech-specs-items-description-list\"><span class=\"tech-specs-items-description__title\">Entr\u00e9e vid\u00e9o 1 canal \u00e0 quatre fils\u00a0<\/span><span class=\"tech-specs-items-description__title-details\">, entr\u00e9e\/sortie audio 1 canal, alimentation 1 canal, mise \u00e0 la terre 1 canal<\/span><\/li>\n<\/ul>\n<p><strong><span class=\"tech-specs-items-description__title--heading\">Poste de porte\/G\u00e9n\u00e9ral<\/span><\/strong><\/p>\n<ul class=\"tech-specs-items-description\" data-target=\"Door station\/General\">\n<li class=\"tech-specs-items-description-list\"><span class=\"tech-specs-items-description__title\">Alimentation :\u00a0<\/span><span class=\"tech-specs-items-description__title-details\">12 VCC<\/span><\/li>\n<li class=\"tech-specs-items-description-list\"><span class=\"tech-specs-items-description__title\">Consommation d\u2019\u00e9nergie :\u00a0<\/span><span class=\"tech-specs-items-description__title-details\">Max.\u00a05W<\/span><\/li>\n<li class=\"tech-specs-items-description-list\"><span class=\"tech-specs-items-description__title\">Temp\u00e9rature\u00a0<\/span><span class=\"tech-specs-items-description__title-details\">de fonctionnement : -10\u00b0 C \u00e0 + 55\u00b0 C (14\u00b0 F \u00e0 131\u00b0 F)<\/span><\/li>\n<li class=\"tech-specs-items-description-list\"><span class=\"tech-specs-items-description__title\">Humidit\u00e9 de travail :\u00a0<\/span><span class=\"tech-specs-items-description__title-details\">10% \u00e0 90%<\/span><\/li>\n<li class=\"tech-specs-items-description-list\"><span class=\"tech-specs-items-description__title\">Dimensions :\u00a0<\/span><span class=\"tech-specs-items-description__title-details\">128 mm \u00d7 42 mm \u00d7 24,8 mm<\/span><\/li>\n<li class=\"tech-specs-items-description-list\"><span class=\"tech-specs-items-description__title\">Niveau de protection\u00a0<\/span><span class=\"tech-specs-items-description__title-details\">IP65<\/span><\/li>\n<\/ul>\n<p><strong><span class=\"tech-specs-items-description__title--heading\">Station int\u00e9rieure\/Param\u00e8tres d\u2019affichage<\/span><\/strong><\/p>\n<ul class=\"tech-specs-items-description\" data-target=\"Indoor station\/Display parameters\">\n<li class=\"tech-specs-items-description-list\"><span class=\"tech-specs-items-description__title\">M\u00e9thode de fonctionnement :\u00a0<\/span><span class=\"tech-specs-items-description__title-details\">Bouton physique<\/span><\/li>\n<li class=\"tech-specs-items-description-list\"><span class=\"tech-specs-items-description__title\">LCD TFT\u00a0<\/span><span class=\"tech-specs-items-description__title-details\">color\u00e9 de 7 pouces<\/span><\/li>\n<li class=\"tech-specs-items-description-list\"><span class=\"tech-specs-items-description__title\">R\u00e9solution :\u00a0<\/span><span class=\"tech-specs-items-description__title-details\">800 \u00d7 480<\/span><\/li>\n<\/ul>\n<p><strong><span class=\"tech-specs-items-description__title--heading\">Station int\u00e9rieure\/Param\u00e8tres audio<\/span><\/strong><\/p>\n<ul class=\"tech-specs-items-description\" data-target=\"Indoor station\/Audio parameters\">\n<li class=\"tech-specs-items-description-list\"><span class=\"tech-specs-items-description__title\">Entr\u00e9e audio :\u00a0<\/span><span class=\"tech-specs-items-description__title-details\">Microphone omnidirectionnel int\u00e9gr\u00e9<\/span><\/li>\n<li class=\"tech-specs-items-description-list\"><span class=\"tech-specs-items-description__title\">Sortie audio : Haut\u00a0<\/span><span class=\"tech-specs-items-description__title-details\">-parleur int\u00e9gr\u00e9<\/span><\/li>\n<li class=\"tech-specs-items-description-list\"><span class=\"tech-specs-items-description__title\">Qualit\u00e9 audio :\u00a0<\/span><span class=\"tech-specs-items-description__title-details\">Suppression du bruit et annulation de l\u2019\u00e9cho<\/span><\/li>\n<\/ul>\n<p><strong><span class=\"tech-specs-items-description__title--heading\">Poste int\u00e9rieur\/G\u00e9n\u00e9ral<\/span><\/strong><\/p>\n<ul class=\"tech-specs-items-description\" data-target=\"Indoor station\/General\">\n<li class=\"tech-specs-items-description-list\"><span class=\"tech-specs-items-description__title\">Alimentation :\u00a0<\/span><span class=\"tech-specs-items-description__title-details\">12 VCC<\/span><\/li>\n<li class=\"tech-specs-items-description-list\"><span class=\"tech-specs-items-description__title\">Consommation d\u2019\u00e9nergie :\u00a0<\/span><span class=\"tech-specs-items-description__title-details\">\u22645 W<\/span><\/li>\n<li class=\"tech-specs-items-description-list\"><span class=\"tech-specs-items-description__title\">Temp\u00e9rature\u00a0<\/span><span class=\"tech-specs-items-description__title-details\">de fonctionnement : -10\u00b0 C \u00e0 + 55\u00b0 C (14\u00b0 F \u00e0 131\u00b0 F)<\/span><\/li>\n<li class=\"tech-specs-items-description-list\"><span class=\"tech-specs-items-description__title\">Humidit\u00e9 de travail :\u00a0<\/span><span class=\"tech-specs-items-description__title-details\">10% \u00e0 90%<\/span><\/li>\n<li class=\"tech-specs-items-description-list\"><span class=\"tech-specs-items-description__title\">Dimensions (L \u00d7 H \u00d7 P) :\u00a0<\/span><span class=\"tech-specs-items-description__title-details\">195,8 mm \u00d7 132,8 mm \u00d7 18,39 mm (7,7\u2033 \u00d7 5,2\u2033 \u00d70,7\u2033)<\/span><\/li>\n<\/ul>\n<div class=\"heateor_sss_sharing_container heateor_sss_vertical_sharing heateor_sss_bottom_sharing\" data-heateor-sss-href=\"https:\/\/www.itemsenegal.com\/produit\/kit-de-video-pour-porte-ds-kis203t\/\">\n<div class=\"heateor_sss_sharing_ul\"><\/div>\n<div class=\"heateorSssClear\"><\/div>\n<\/div>\n","protected":false},"excerpt":{"rendered":"<p class=\"tx-excerpt\">Kit de vid\u00e9o pour Villa DS-KIS203T Param\u00e8tres du poste de porte\/vid\u00e9o R\u00e9solution :\u00a01920 \u00d7 1080 Objectif :\u00a01\/2.7\u2033 CMOS Champ de vision\u00a0horizontal\u00a0: 66,2\u00a0\u00b0, vertical\u00a0: 37,2\u00a0\u00b0 Station de porte\/Param\u00e8tres audio Entr\u00e9e audio :\u00a0Microphone omnidirectionnel int\u00e9gr\u00e9 Sortie audio...<\/p>","protected":false},"featured_media":2769,"template":"","meta":{"_joinchat":[]},"product_brand":[],"product_cat":[36],"product_tag":[],"class_list":{"0":"post-2739","1":"product","2":"type-product","3":"status-publish","4":"has-post-thumbnail","6":"product_cat-interphone","8":"first","9":"instock","10":"taxable","11":"shipping-taxable","12":"purchasable","13":"product-type-simple"},"yoast_head":"<!-- This site is optimized with the Yoast SEO plugin v27.4 - https:\/\/yoast.com\/product\/yoast-seo-wordpress\/ -->\n<title>Kit vid\u00e9ophone analogique - NEXT GEN GROUP<\/title>\n<meta name=\"robots\" content=\"index, follow, max-snippet:-1, max-image-preview:large, max-video-preview:-1\" \/>\n<link rel=\"canonical\" href=\"https:\/\/nextgen-sn.com\/?product=kit-videophone-analogique\" \/>\n<meta property=\"og:locale\" content=\"fr_FR\" \/>\n<meta property=\"og:type\" content=\"article\" \/>\n<meta property=\"og:title\" content=\"Kit vid\u00e9ophone analogique - NEXT GEN GROUP\" \/>\n<meta property=\"og:description\" content=\"Kit de vid\u00e9o pour Villa DS-KIS203T Param\u00e8tres du poste de porte\/vid\u00e9o R\u00e9solution :\u00a01920 \u00d7 1080 Objectif :\u00a01\/2.7\u2033 CMOS Champ de vision\u00a0horizontal\u00a0: 66,2\u00a0\u00b0, vertical\u00a0: 37,2\u00a0\u00b0 Station de porte\/Param\u00e8tres audio Entr\u00e9e audio :\u00a0Microphone omnidirectionnel int\u00e9gr\u00e9 Sortie audio : Haut\u00a0-parleur int\u00e9gr\u00e9 Interfaces portiers\/dispositifs E\/S Sortie\u00a01 sortie relais Entr\u00e9e vid\u00e9o 1 canal \u00e0 quatre fils\u00a0, entr\u00e9e\/sortie audio 1 canal, alimentation 1 canal, mise \u00e0 la terre 1 canal Poste de porte\/G\u00e9n\u00e9ral Alimentation :\u00a012 VCC Consommation d\u2019\u00e9nergie :\u00a0Max.\u00a05W Temp\u00e9rature\u00a0de fonctionnement : -10\u00b0 C \u00e0 + 55\u00b0 C (14\u00b0 F \u00e0 131\u00b0 F) Humidit\u00e9 de travail :\u00a010% \u00e0 90% Dimensions :\u00a0128 mm \u00d7 42 mm \u00d7 24,8 mm Niveau de protection\u00a0IP65 Station int\u00e9rieure\/Param\u00e8tres d\u2019affichage M\u00e9thode de fonctionnement :\u00a0Bouton physique LCD TFT\u00a0color\u00e9 de 7 pouces R\u00e9solution :\u00a0800 \u00d7 480 Station int\u00e9rieure\/Param\u00e8tres audio Entr\u00e9e audio :\u00a0Microphone omnidirectionnel int\u00e9gr\u00e9 Sortie audio : Haut\u00a0-parleur int\u00e9gr\u00e9 Qualit\u00e9 audio :\u00a0Suppression du bruit et annulation de l\u2019\u00e9cho Poste int\u00e9rieur\/G\u00e9n\u00e9ral Alimentation :\u00a012 VCC Consommation d\u2019\u00e9nergie :\u00a0\u22645 W Temp\u00e9rature\u00a0de fonctionnement : -10\u00b0 C \u00e0 + 55\u00b0 C (14\u00b0 F \u00e0 131\u00b0 F) Humidit\u00e9 de travail :\u00a010% \u00e0 90% Dimensions (L \u00d7 H \u00d7 P) :\u00a0195,8 mm \u00d7 132,8 mm \u00d7 18,39 mm (7,7\u2033 \u00d7 5,2\u2033 \u00d70,7\u2033)\" \/>\n<meta property=\"og:url\" content=\"https:\/\/nextgen-sn.com\/?product=kit-videophone-analogique\" \/>\n<meta property=\"og:site_name\" content=\"NEXT GEN GROUP\" \/>\n<meta property=\"article:modified_time\" content=\"2025-09-10T15:54:12+00:00\" \/>\n<meta property=\"og:image\" content=\"https:\/\/nextgen-sn.com\/wp-content\/uploads\/2025\/09\/DS-KIS203T.webp\" \/>\n\t<meta property=\"og:image:width\" content=\"1280\" \/>\n\t<meta property=\"og:image:height\" content=\"1271\" \/>\n\t<meta property=\"og:image:type\" content=\"image\/webp\" \/>\n<meta name=\"twitter:card\" content=\"summary_large_image\" \/>\n<meta name=\"twitter:label1\" content=\"Dur\u00e9e de lecture estim\u00e9e\" \/>\n\t<meta name=\"twitter:data1\" content=\"1 minute\" \/>\n<script type=\"application\/ld+json\" class=\"yoast-schema-graph\">{\"@context\":\"https:\\\/\\\/schema.org\",\"@graph\":[{\"@type\":\"WebPage\",\"@id\":\"https:\\\/\\\/nextgen-sn.com\\\/?product=kit-videophone-analogique\",\"url\":\"https:\\\/\\\/nextgen-sn.com\\\/?product=kit-videophone-analogique\",\"name\":\"Kit vid\u00e9ophone analogique - NEXT GEN GROUP\",\"isPartOf\":{\"@id\":\"https:\\\/\\\/nextgen-sn.com\\\/#website\"},\"primaryImageOfPage\":{\"@id\":\"https:\\\/\\\/nextgen-sn.com\\\/?product=kit-videophone-analogique#primaryimage\"},\"image\":{\"@id\":\"https:\\\/\\\/nextgen-sn.com\\\/?product=kit-videophone-analogique#primaryimage\"},\"thumbnailUrl\":\"https:\\\/\\\/nextgen-sn.com\\\/wp-content\\\/uploads\\\/2025\\\/09\\\/DS-KIS203T.webp\",\"datePublished\":\"2025-09-10T15:54:06+00:00\",\"dateModified\":\"2025-09-10T15:54:12+00:00\",\"breadcrumb\":{\"@id\":\"https:\\\/\\\/nextgen-sn.com\\\/?product=kit-videophone-analogique#breadcrumb\"},\"inLanguage\":\"fr-FR\",\"potentialAction\":[{\"@type\":\"ReadAction\",\"target\":[\"https:\\\/\\\/nextgen-sn.com\\\/?product=kit-videophone-analogique\"]}]},{\"@type\":\"ImageObject\",\"inLanguage\":\"fr-FR\",\"@id\":\"https:\\\/\\\/nextgen-sn.com\\\/?product=kit-videophone-analogique#primaryimage\",\"url\":\"https:\\\/\\\/nextgen-sn.com\\\/wp-content\\\/uploads\\\/2025\\\/09\\\/DS-KIS203T.webp\",\"contentUrl\":\"https:\\\/\\\/nextgen-sn.com\\\/wp-content\\\/uploads\\\/2025\\\/09\\\/DS-KIS203T.webp\",\"width\":1280,\"height\":1271},{\"@type\":\"BreadcrumbList\",\"@id\":\"https:\\\/\\\/nextgen-sn.com\\\/?product=kit-videophone-analogique#breadcrumb\",\"itemListElement\":[{\"@type\":\"ListItem\",\"position\":1,\"name\":\"Accueil\",\"item\":\"https:\\\/\\\/nextgen-sn.com\\\/\"},{\"@type\":\"ListItem\",\"position\":2,\"name\":\"Produits\",\"item\":\"https:\\\/\\\/nextgen-sn.com\\\/?post_type=product\"},{\"@type\":\"ListItem\",\"position\":3,\"name\":\"Kit vid\u00e9ophone analogique\"}]},{\"@type\":\"WebSite\",\"@id\":\"https:\\\/\\\/nextgen-sn.com\\\/#website\",\"url\":\"https:\\\/\\\/nextgen-sn.com\\\/\",\"name\":\"NEXT GEN GROUP\",\"description\":\"Next Gen Group offre des services dans le domaine de l&#039;affichage gynamique\",\"publisher\":{\"@id\":\"https:\\\/\\\/nextgen-sn.com\\\/#organization\"},\"potentialAction\":[{\"@type\":\"SearchAction\",\"target\":{\"@type\":\"EntryPoint\",\"urlTemplate\":\"https:\\\/\\\/nextgen-sn.com\\\/?s={search_term_string}\"},\"query-input\":{\"@type\":\"PropertyValueSpecification\",\"valueRequired\":true,\"valueName\":\"search_term_string\"}}],\"inLanguage\":\"fr-FR\"},{\"@type\":\"Organization\",\"@id\":\"https:\\\/\\\/nextgen-sn.com\\\/#organization\",\"name\":\"NEXT GEN GROUP\",\"url\":\"https:\\\/\\\/nextgen-sn.com\\\/\",\"logo\":{\"@type\":\"ImageObject\",\"inLanguage\":\"fr-FR\",\"@id\":\"https:\\\/\\\/nextgen-sn.com\\\/#\\\/schema\\\/logo\\\/image\\\/\",\"url\":\"https:\\\/\\\/nextgen-sn.com\\\/wp-content\\\/uploads\\\/2025\\\/08\\\/Logo-Next-Gen.png\",\"contentUrl\":\"https:\\\/\\\/nextgen-sn.com\\\/wp-content\\\/uploads\\\/2025\\\/08\\\/Logo-Next-Gen.png\",\"width\":341,\"height\":149,\"caption\":\"NEXT GEN GROUP\"},\"image\":{\"@id\":\"https:\\\/\\\/nextgen-sn.com\\\/#\\\/schema\\\/logo\\\/image\\\/\"}}]}<\/script>\n<!-- \/ Yoast SEO plugin. -->","yoast_head_json":{"title":"Kit vid\u00e9ophone analogique - NEXT GEN GROUP","robots":{"index":"index","follow":"follow","max-snippet":"max-snippet:-1","max-image-preview":"max-image-preview:large","max-video-preview":"max-video-preview:-1"},"canonical":"https:\/\/nextgen-sn.com\/?product=kit-videophone-analogique","og_locale":"fr_FR","og_type":"article","og_title":"Kit vid\u00e9ophone analogique - NEXT GEN GROUP","og_description":"Kit de vid\u00e9o pour Villa DS-KIS203T Param\u00e8tres du poste de porte\/vid\u00e9o R\u00e9solution :\u00a01920 \u00d7 1080 Objectif :\u00a01\/2.7\u2033 CMOS Champ de vision\u00a0horizontal\u00a0: 66,2\u00a0\u00b0, vertical\u00a0: 37,2\u00a0\u00b0 Station de porte\/Param\u00e8tres audio Entr\u00e9e audio :\u00a0Microphone omnidirectionnel int\u00e9gr\u00e9 Sortie audio : Haut\u00a0-parleur int\u00e9gr\u00e9 Interfaces portiers\/dispositifs E\/S Sortie\u00a01 sortie relais Entr\u00e9e vid\u00e9o 1 canal \u00e0 quatre fils\u00a0, entr\u00e9e\/sortie audio 1 canal, alimentation 1 canal, mise \u00e0 la terre 1 canal Poste de porte\/G\u00e9n\u00e9ral Alimentation :\u00a012 VCC Consommation d\u2019\u00e9nergie :\u00a0Max.\u00a05W Temp\u00e9rature\u00a0de fonctionnement : -10\u00b0 C \u00e0 + 55\u00b0 C (14\u00b0 F \u00e0 131\u00b0 F) Humidit\u00e9 de travail :\u00a010% \u00e0 90% Dimensions :\u00a0128 mm \u00d7 42 mm \u00d7 24,8 mm Niveau de protection\u00a0IP65 Station int\u00e9rieure\/Param\u00e8tres d\u2019affichage M\u00e9thode de fonctionnement :\u00a0Bouton physique LCD TFT\u00a0color\u00e9 de 7 pouces R\u00e9solution :\u00a0800 \u00d7 480 Station int\u00e9rieure\/Param\u00e8tres audio Entr\u00e9e audio :\u00a0Microphone omnidirectionnel int\u00e9gr\u00e9 Sortie audio : Haut\u00a0-parleur int\u00e9gr\u00e9 Qualit\u00e9 audio :\u00a0Suppression du bruit et annulation de l\u2019\u00e9cho Poste int\u00e9rieur\/G\u00e9n\u00e9ral Alimentation :\u00a012 VCC Consommation d\u2019\u00e9nergie :\u00a0\u22645 W Temp\u00e9rature\u00a0de fonctionnement : -10\u00b0 C \u00e0 + 55\u00b0 C (14\u00b0 F \u00e0 131\u00b0 F) Humidit\u00e9 de travail :\u00a010% \u00e0 90% Dimensions (L \u00d7 H \u00d7 P) :\u00a0195,8 mm \u00d7 132,8 mm \u00d7 18,39 mm (7,7\u2033 \u00d7 5,2\u2033 \u00d70,7\u2033)","og_url":"https:\/\/nextgen-sn.com\/?product=kit-videophone-analogique","og_site_name":"NEXT GEN GROUP","article_modified_time":"2025-09-10T15:54:12+00:00","og_image":[{"width":1280,"height":1271,"url":"https:\/\/nextgen-sn.com\/wp-content\/uploads\/2025\/09\/DS-KIS203T.webp","type":"image\/webp"}],"twitter_card":"summary_large_image","twitter_misc":{"Dur\u00e9e de lecture estim\u00e9e":"1 minute"},"schema":{"@context":"https:\/\/schema.org","@graph":[{"@type":"WebPage","@id":"https:\/\/nextgen-sn.com\/?product=kit-videophone-analogique","url":"https:\/\/nextgen-sn.com\/?product=kit-videophone-analogique","name":"Kit vid\u00e9ophone analogique - NEXT GEN GROUP","isPartOf":{"@id":"https:\/\/nextgen-sn.com\/#website"},"primaryImageOfPage":{"@id":"https:\/\/nextgen-sn.com\/?product=kit-videophone-analogique#primaryimage"},"image":{"@id":"https:\/\/nextgen-sn.com\/?product=kit-videophone-analogique#primaryimage"},"thumbnailUrl":"https:\/\/nextgen-sn.com\/wp-content\/uploads\/2025\/09\/DS-KIS203T.webp","datePublished":"2025-09-10T15:54:06+00:00","dateModified":"2025-09-10T15:54:12+00:00","breadcrumb":{"@id":"https:\/\/nextgen-sn.com\/?product=kit-videophone-analogique#breadcrumb"},"inLanguage":"fr-FR","potentialAction":[{"@type":"ReadAction","target":["https:\/\/nextgen-sn.com\/?product=kit-videophone-analogique"]}]},{"@type":"ImageObject","inLanguage":"fr-FR","@id":"https:\/\/nextgen-sn.com\/?product=kit-videophone-analogique#primaryimage","url":"https:\/\/nextgen-sn.com\/wp-content\/uploads\/2025\/09\/DS-KIS203T.webp","contentUrl":"https:\/\/nextgen-sn.com\/wp-content\/uploads\/2025\/09\/DS-KIS203T.webp","width":1280,"height":1271},{"@type":"BreadcrumbList","@id":"https:\/\/nextgen-sn.com\/?product=kit-videophone-analogique#breadcrumb","itemListElement":[{"@type":"ListItem","position":1,"name":"Accueil","item":"https:\/\/nextgen-sn.com\/"},{"@type":"ListItem","position":2,"name":"Produits","item":"https:\/\/nextgen-sn.com\/?post_type=product"},{"@type":"ListItem","position":3,"name":"Kit vid\u00e9ophone analogique"}]},{"@type":"WebSite","@id":"https:\/\/nextgen-sn.com\/#website","url":"https:\/\/nextgen-sn.com\/","name":"NEXT GEN GROUP","description":"Next Gen Group offre des services dans le domaine de l&#039;affichage gynamique","publisher":{"@id":"https:\/\/nextgen-sn.com\/#organization"},"potentialAction":[{"@type":"SearchAction","target":{"@type":"EntryPoint","urlTemplate":"https:\/\/nextgen-sn.com\/?s={search_term_string}"},"query-input":{"@type":"PropertyValueSpecification","valueRequired":true,"valueName":"search_term_string"}}],"inLanguage":"fr-FR"},{"@type":"Organization","@id":"https:\/\/nextgen-sn.com\/#organization","name":"NEXT GEN GROUP","url":"https:\/\/nextgen-sn.com\/","logo":{"@type":"ImageObject","inLanguage":"fr-FR","@id":"https:\/\/nextgen-sn.com\/#\/schema\/logo\/image\/","url":"https:\/\/nextgen-sn.com\/wp-content\/uploads\/2025\/08\/Logo-Next-Gen.png","contentUrl":"https:\/\/nextgen-sn.com\/wp-content\/uploads\/2025\/08\/Logo-Next-Gen.png","width":341,"height":149,"caption":"NEXT GEN GROUP"},"image":{"@id":"https:\/\/nextgen-sn.com\/#\/schema\/logo\/image\/"}}]}},"_links":{"self":[{"href":"https:\/\/nextgen-sn.com\/index.php?rest_route=\/wp\/v2\/product\/2739","targetHints":{"allow":["GET"]}}],"collection":[{"href":"https:\/\/nextgen-sn.com\/index.php?rest_route=\/wp\/v2\/product"}],"about":[{"href":"https:\/\/nextgen-sn.com\/index.php?rest_route=\/wp\/v2\/types\/product"}],"wp:featuredmedia":[{"embeddable":true,"href":"https:\/\/nextgen-sn.com\/index.php?rest_route=\/wp\/v2\/media\/2769"}],"wp:attachment":[{"href":"https:\/\/nextgen-sn.com\/index.php?rest_route=%2Fwp%2Fv2%2Fmedia&parent=2739"}],"wp:term":[{"taxonomy":"product_brand","embeddable":true,"href":"https:\/\/nextgen-sn.com\/index.php?rest_route=%2Fwp%2Fv2%2Fproduct_brand&post=2739"},{"taxonomy":"product_cat","embeddable":true,"href":"https:\/\/nextgen-sn.com\/index.php?rest_route=%2Fwp%2Fv2%2Fproduct_cat&post=2739"},{"taxonomy":"product_tag","embeddable":true,"href":"https:\/\/nextgen-sn.com\/index.php?rest_route=%2Fwp%2Fv2%2Fproduct_tag&post=2739"}],"curies":[{"name":"wp","href":"https:\/\/api.w.org\/{rel}","templated":true}]}}