{"id":2738,"date":"2025-09-10T15:54:06","date_gmt":"2025-09-10T15:54:06","guid":{"rendered":"https:\/\/nextgen.leden-shop.com\/?post_type=product&#038;p=2738"},"modified":"2025-09-10T15:54:12","modified_gmt":"2025-09-10T15:54:12","slug":"lecteur-simples-dempreintes-digitales-et-cartes","status":"publish","type":"product","link":"https:\/\/nextgen-sn.com\/?product=lecteur-simples-dempreintes-digitales-et-cartes","title":{"rendered":"Lecteur simples d\u2019empreintes digitales et cartes"},"content":{"rendered":"<h1 class=\"product_title entry-title\">Lecteur d\u2019empreintes digitales DS-K1201AMF(O-STD)<\/h1>\n<p><strong><span class=\"tech-specs-items-description__title--heading\">Authentification<\/span><\/strong><\/p>\n<ul class=\"tech-specs-items-description\" data-target=\"Authentication\">\n<li class=\"tech-specs-items-description-list\"><span class=\"tech-specs-items-description__title\">Module D\u2019empreintes Digitales\u00a0<\/span><span class=\"tech-specs-items-description__title-details\">Module optique d\u2019empreintes digitales<\/span><\/li>\n<li class=\"tech-specs-items-description-list\"><span class=\"tech-specs-items-description__title\">Mode De Comparaison D\u2019empreintes Digitales<\/span><span class=\"tech-specs-items-description__title-details\">1:1\/1:N<\/span><\/li>\n<li class=\"tech-specs-items-description-list\"><span class=\"tech-specs-items-description__title\">Type De Carte\u00a0<\/span><span class=\"tech-specs-items-description__title-details\">Carte Mifare 1<\/span><\/li>\n<\/ul>\n<p><strong><span class=\"tech-specs-items-description__title--heading\">G\u00e9n\u00e9ral<\/span><\/strong><\/p>\n<ul class=\"tech-specs-items-description\" data-target=\"Authentication\">\n<li class=\"tech-specs-items-description-list\"><span class=\"tech-specs-items-description__title\">Source De Courant<\/span><span class=\"tech-specs-items-description__title-details\">12 Vcc \u00b1 10 %<\/span><\/li>\n<li class=\"tech-specs-items-description-list\"><span class=\"tech-specs-items-description__title\">Temp\u00e9rature De Fonctionnement<\/span><span class=\"tech-specs-items-description__title-details\">-40 \u00b0C \u00e0 70 \u00b0C (-40 \u00b0F \u00e0 158 \u00b0F)<\/span><\/li>\n<li class=\"tech-specs-items-description-list\"><span class=\"tech-specs-items-description__title\">Humidit\u00e9 De Travail<\/span><span class=\"tech-specs-items-description__title-details\">10% \u00e0 90% (sans condensation)<\/span><\/li>\n<li class=\"tech-specs-items-description-list\"><span class=\"tech-specs-items-description__title\">Dimensions<\/span><span class=\"tech-specs-items-description__title-details\">62 mm \u00d7 132 mm \u00d7 44 mm (2,44\u2033 \u00d7 5,20\u2033 \u00d7 1,73\u2033)<\/span><\/li>\n<li class=\"tech-specs-items-description-list\"><span class=\"tech-specs-items-description__title\">Installation\u00a0<\/span><span class=\"tech-specs-items-description__title-details\">Montage en saillie<\/span><\/li>\n<li class=\"tech-specs-items-description-list\"><span class=\"tech-specs-items-description__title\">Avertisseur Sonore\u00a0<\/span><span class=\"tech-specs-items-description__title-details\">Soutien<\/span><\/li>\n<li class=\"tech-specs-items-description-list\">Un groupe de donn\u00e9es crypt\u00e9es par code d\u00e9sordonn\u00e9 pour la s\u00e9curit\u00e9 du stockage des empreintes digitales<\/li>\n<li class=\"tech-specs-items-description-list\">Prend en charge la communication RS-485 avec un taux de transmission de 19200bps-N-8-1.\u00a0Il existe un test CRC pour le protocole<\/li>\n<li class=\"tech-specs-items-description-list\">Prend en charge la lecture de carte M<\/li>\n<li class=\"tech-specs-items-description-list\">La distance d\u2019induction de la carte est de 30 mm \u00e0 100 mm<\/li>\n<li class=\"tech-specs-items-description-list\">Prend en charge plusieurs modes d\u2019authentification (carte, empreinte digitale et carte + empreinte digitale)<\/li>\n<li class=\"tech-specs-items-description-list\">Module d\u2019empreinte digitale CMOS optique.\u00a0Les caract\u00e8res d\u2019empreintes digitales peuvent \u00eatre export\u00e9s vers le lecteur de carte<\/li>\n<li class=\"tech-specs-items-description-list\">Max.\u00a0Stockage de 5000 empreintes digitales<\/li>\n<li class=\"tech-specs-items-description-list\">Adopte le module d\u2019empreinte digitale optique, prenant en charge le mode 1: N (empreinte digitale, carte + empreinte digitale) et le mode 1: 1 (carte + empreinte digitale)<\/li>\n<li class=\"tech-specs-items-description-list\">Temps de comparaison d\u2019empreintes digitales : 1:1 \u2264 1 s, 1:1000 \u2264 1 s ;\u00a0FRR \u2264 0,01 %, FAR \u2264 0,001 %<\/li>\n<li class=\"tech-specs-items-description-list\">Le circuit de communication est con\u00e7u avec une isolation de couplage optique et une fonction de suppression du bruit<\/li>\n<li class=\"tech-specs-items-description-list\">Buzzer int\u00e9gr\u00e9 pour l\u2019indication d\u2019\u00e9tat<\/li>\n<li class=\"tech-specs-items-description-list\">Affichage pr\u00e9cis des donn\u00e9es et de l\u2019heure fourni par une horloge \u00e9lectronique int\u00e9gr\u00e9e et un programme de surveillance pour assurer la fonction de base du terminal<\/li>\n<li class=\"tech-specs-items-description-list\">Fonction inviolable<\/li>\n<\/ul>\n","protected":false},"excerpt":{"rendered":"<p class=\"tx-excerpt\">Lecteur d\u2019empreintes digitales DS-K1201AMF(O-STD) Authentification Module D\u2019empreintes Digitales\u00a0Module optique d\u2019empreintes digitales Mode De Comparaison D\u2019empreintes Digitales1:1\/1:N Type De Carte\u00a0Carte Mifare 1 G\u00e9n\u00e9ral Source De Courant12 Vcc \u00b1 10 % Temp\u00e9rature De Fonctionnement-40 \u00b0C \u00e0 70...<\/p>","protected":false},"featured_media":2768,"template":"","meta":{"_joinchat":[]},"product_brand":[],"product_cat":[35],"product_tag":[],"class_list":{"0":"post-2738","1":"product","2":"type-product","3":"status-publish","4":"has-post-thumbnail","6":"product_cat-controle-dacces","8":"first","9":"instock","10":"taxable","11":"shipping-taxable","12":"purchasable","13":"product-type-simple"},"yoast_head":"<!-- This site is optimized with the Yoast SEO plugin v27.4 - https:\/\/yoast.com\/product\/yoast-seo-wordpress\/ -->\n<title>Lecteur simples d\u2019empreintes digitales et cartes - NEXT GEN GROUP<\/title>\n<meta name=\"robots\" content=\"index, follow, max-snippet:-1, max-image-preview:large, max-video-preview:-1\" \/>\n<link rel=\"canonical\" href=\"https:\/\/nextgen-sn.com\/?product=lecteur-simples-dempreintes-digitales-et-cartes\" \/>\n<meta property=\"og:locale\" content=\"fr_FR\" \/>\n<meta property=\"og:type\" content=\"article\" \/>\n<meta property=\"og:title\" content=\"Lecteur simples d\u2019empreintes digitales et cartes - NEXT GEN GROUP\" \/>\n<meta property=\"og:description\" content=\"Lecteur d\u2019empreintes digitales DS-K1201AMF(O-STD) Authentification Module D\u2019empreintes Digitales\u00a0Module optique d\u2019empreintes digitales Mode De Comparaison D\u2019empreintes Digitales1:1\/1:N Type De Carte\u00a0Carte Mifare 1 G\u00e9n\u00e9ral Source De Courant12 Vcc \u00b1 10 % Temp\u00e9rature De Fonctionnement-40 \u00b0C \u00e0 70 \u00b0C (-40 \u00b0F \u00e0 158 \u00b0F) Humidit\u00e9 De Travail10% \u00e0 90% (sans condensation) Dimensions62 mm \u00d7 132 mm \u00d7 44 mm (2,44\u2033 \u00d7 5,20\u2033 \u00d7 1,73\u2033) Installation\u00a0Montage en saillie Avertisseur Sonore\u00a0Soutien Un groupe de donn\u00e9es crypt\u00e9es par code d\u00e9sordonn\u00e9 pour la s\u00e9curit\u00e9 du stockage des empreintes digitales Prend en charge la communication RS-485 avec un taux de transmission de 19200bps-N-8-1.\u00a0Il existe un test CRC pour le protocole Prend en charge la lecture de carte M La distance d\u2019induction de la carte est de 30 mm \u00e0 100 mm Prend en charge plusieurs modes d\u2019authentification (carte, empreinte digitale et carte + empreinte digitale) Module d\u2019empreinte digitale CMOS optique.\u00a0Les caract\u00e8res d\u2019empreintes digitales peuvent \u00eatre export\u00e9s vers le lecteur de carte Max.\u00a0Stockage de 5000 empreintes digitales Adopte le module d\u2019empreinte digitale optique, prenant en charge le mode 1: N (empreinte digitale, carte + empreinte digitale) et le mode 1: 1 (carte + empreinte digitale) Temps de comparaison d\u2019empreintes digitales : 1:1 \u2264 1 s, 1:1000 \u2264 1 s ;\u00a0FRR \u2264 0,01 %, FAR \u2264 0,001 % Le circuit de communication est con\u00e7u avec une isolation de couplage optique et une fonction de suppression du bruit Buzzer int\u00e9gr\u00e9 pour l\u2019indication d\u2019\u00e9tat Affichage pr\u00e9cis des donn\u00e9es et de l\u2019heure fourni par une horloge \u00e9lectronique int\u00e9gr\u00e9e et un programme de surveillance pour assurer la fonction de base du terminal Fonction inviolable\" \/>\n<meta property=\"og:url\" content=\"https:\/\/nextgen-sn.com\/?product=lecteur-simples-dempreintes-digitales-et-cartes\" \/>\n<meta property=\"og:site_name\" content=\"NEXT GEN GROUP\" \/>\n<meta property=\"article:modified_time\" content=\"2025-09-10T15:54:12+00:00\" \/>\n<meta property=\"og:image\" content=\"https:\/\/nextgen-sn.com\/wp-content\/uploads\/2025\/09\/\u5916\u89c2.png.thumb_.1280.1280.webp\" \/>\n\t<meta property=\"og:image:width\" content=\"607\" \/>\n\t<meta property=\"og:image:height\" content=\"357\" \/>\n\t<meta property=\"og:image:type\" content=\"image\/webp\" \/>\n<meta name=\"twitter:card\" content=\"summary_large_image\" \/>\n<meta name=\"twitter:label1\" content=\"Dur\u00e9e de lecture estim\u00e9e\" \/>\n\t<meta name=\"twitter:data1\" content=\"1 minute\" \/>\n<script type=\"application\/ld+json\" class=\"yoast-schema-graph\">{\"@context\":\"https:\\\/\\\/schema.org\",\"@graph\":[{\"@type\":\"WebPage\",\"@id\":\"https:\\\/\\\/nextgen-sn.com\\\/?product=lecteur-simples-dempreintes-digitales-et-cartes\",\"url\":\"https:\\\/\\\/nextgen-sn.com\\\/?product=lecteur-simples-dempreintes-digitales-et-cartes\",\"name\":\"Lecteur simples d\u2019empreintes digitales et cartes - NEXT GEN GROUP\",\"isPartOf\":{\"@id\":\"https:\\\/\\\/nextgen-sn.com\\\/#website\"},\"primaryImageOfPage\":{\"@id\":\"https:\\\/\\\/nextgen-sn.com\\\/?product=lecteur-simples-dempreintes-digitales-et-cartes#primaryimage\"},\"image\":{\"@id\":\"https:\\\/\\\/nextgen-sn.com\\\/?product=lecteur-simples-dempreintes-digitales-et-cartes#primaryimage\"},\"thumbnailUrl\":\"https:\\\/\\\/nextgen-sn.com\\\/wp-content\\\/uploads\\\/2025\\\/09\\\/\u5916\u89c2.png.thumb_.1280.1280.webp\",\"datePublished\":\"2025-09-10T15:54:06+00:00\",\"dateModified\":\"2025-09-10T15:54:12+00:00\",\"breadcrumb\":{\"@id\":\"https:\\\/\\\/nextgen-sn.com\\\/?product=lecteur-simples-dempreintes-digitales-et-cartes#breadcrumb\"},\"inLanguage\":\"fr-FR\",\"potentialAction\":[{\"@type\":\"ReadAction\",\"target\":[\"https:\\\/\\\/nextgen-sn.com\\\/?product=lecteur-simples-dempreintes-digitales-et-cartes\"]}]},{\"@type\":\"ImageObject\",\"inLanguage\":\"fr-FR\",\"@id\":\"https:\\\/\\\/nextgen-sn.com\\\/?product=lecteur-simples-dempreintes-digitales-et-cartes#primaryimage\",\"url\":\"https:\\\/\\\/nextgen-sn.com\\\/wp-content\\\/uploads\\\/2025\\\/09\\\/\u5916\u89c2.png.thumb_.1280.1280.webp\",\"contentUrl\":\"https:\\\/\\\/nextgen-sn.com\\\/wp-content\\\/uploads\\\/2025\\\/09\\\/\u5916\u89c2.png.thumb_.1280.1280.webp\",\"width\":607,\"height\":357},{\"@type\":\"BreadcrumbList\",\"@id\":\"https:\\\/\\\/nextgen-sn.com\\\/?product=lecteur-simples-dempreintes-digitales-et-cartes#breadcrumb\",\"itemListElement\":[{\"@type\":\"ListItem\",\"position\":1,\"name\":\"Accueil\",\"item\":\"https:\\\/\\\/nextgen-sn.com\\\/\"},{\"@type\":\"ListItem\",\"position\":2,\"name\":\"Produits\",\"item\":\"https:\\\/\\\/nextgen-sn.com\\\/?post_type=product\"},{\"@type\":\"ListItem\",\"position\":3,\"name\":\"Lecteur simples d\u2019empreintes digitales et cartes\"}]},{\"@type\":\"WebSite\",\"@id\":\"https:\\\/\\\/nextgen-sn.com\\\/#website\",\"url\":\"https:\\\/\\\/nextgen-sn.com\\\/\",\"name\":\"NEXT GEN GROUP\",\"description\":\"Next Gen Group offre des services dans le domaine de l&#039;affichage gynamique\",\"publisher\":{\"@id\":\"https:\\\/\\\/nextgen-sn.com\\\/#organization\"},\"potentialAction\":[{\"@type\":\"SearchAction\",\"target\":{\"@type\":\"EntryPoint\",\"urlTemplate\":\"https:\\\/\\\/nextgen-sn.com\\\/?s={search_term_string}\"},\"query-input\":{\"@type\":\"PropertyValueSpecification\",\"valueRequired\":true,\"valueName\":\"search_term_string\"}}],\"inLanguage\":\"fr-FR\"},{\"@type\":\"Organization\",\"@id\":\"https:\\\/\\\/nextgen-sn.com\\\/#organization\",\"name\":\"NEXT GEN GROUP\",\"url\":\"https:\\\/\\\/nextgen-sn.com\\\/\",\"logo\":{\"@type\":\"ImageObject\",\"inLanguage\":\"fr-FR\",\"@id\":\"https:\\\/\\\/nextgen-sn.com\\\/#\\\/schema\\\/logo\\\/image\\\/\",\"url\":\"https:\\\/\\\/nextgen-sn.com\\\/wp-content\\\/uploads\\\/2025\\\/08\\\/Logo-Next-Gen.png\",\"contentUrl\":\"https:\\\/\\\/nextgen-sn.com\\\/wp-content\\\/uploads\\\/2025\\\/08\\\/Logo-Next-Gen.png\",\"width\":341,\"height\":149,\"caption\":\"NEXT GEN GROUP\"},\"image\":{\"@id\":\"https:\\\/\\\/nextgen-sn.com\\\/#\\\/schema\\\/logo\\\/image\\\/\"}}]}<\/script>\n<!-- \/ Yoast SEO plugin. -->","yoast_head_json":{"title":"Lecteur simples d\u2019empreintes digitales et cartes - NEXT GEN GROUP","robots":{"index":"index","follow":"follow","max-snippet":"max-snippet:-1","max-image-preview":"max-image-preview:large","max-video-preview":"max-video-preview:-1"},"canonical":"https:\/\/nextgen-sn.com\/?product=lecteur-simples-dempreintes-digitales-et-cartes","og_locale":"fr_FR","og_type":"article","og_title":"Lecteur simples d\u2019empreintes digitales et cartes - NEXT GEN GROUP","og_description":"Lecteur d\u2019empreintes digitales DS-K1201AMF(O-STD) Authentification Module D\u2019empreintes Digitales\u00a0Module optique d\u2019empreintes digitales Mode De Comparaison D\u2019empreintes Digitales1:1\/1:N Type De Carte\u00a0Carte Mifare 1 G\u00e9n\u00e9ral Source De Courant12 Vcc \u00b1 10 % Temp\u00e9rature De Fonctionnement-40 \u00b0C \u00e0 70 \u00b0C (-40 \u00b0F \u00e0 158 \u00b0F) Humidit\u00e9 De Travail10% \u00e0 90% (sans condensation) Dimensions62 mm \u00d7 132 mm \u00d7 44 mm (2,44\u2033 \u00d7 5,20\u2033 \u00d7 1,73\u2033) Installation\u00a0Montage en saillie Avertisseur Sonore\u00a0Soutien Un groupe de donn\u00e9es crypt\u00e9es par code d\u00e9sordonn\u00e9 pour la s\u00e9curit\u00e9 du stockage des empreintes digitales Prend en charge la communication RS-485 avec un taux de transmission de 19200bps-N-8-1.\u00a0Il existe un test CRC pour le protocole Prend en charge la lecture de carte M La distance d\u2019induction de la carte est de 30 mm \u00e0 100 mm Prend en charge plusieurs modes d\u2019authentification (carte, empreinte digitale et carte + empreinte digitale) Module d\u2019empreinte digitale CMOS optique.\u00a0Les caract\u00e8res d\u2019empreintes digitales peuvent \u00eatre export\u00e9s vers le lecteur de carte Max.\u00a0Stockage de 5000 empreintes digitales Adopte le module d\u2019empreinte digitale optique, prenant en charge le mode 1: N (empreinte digitale, carte + empreinte digitale) et le mode 1: 1 (carte + empreinte digitale) Temps de comparaison d\u2019empreintes digitales : 1:1 \u2264 1 s, 1:1000 \u2264 1 s ;\u00a0FRR \u2264 0,01 %, FAR \u2264 0,001 % Le circuit de communication est con\u00e7u avec une isolation de couplage optique et une fonction de suppression du bruit Buzzer int\u00e9gr\u00e9 pour l\u2019indication d\u2019\u00e9tat Affichage pr\u00e9cis des donn\u00e9es et de l\u2019heure fourni par une horloge \u00e9lectronique int\u00e9gr\u00e9e et un programme de surveillance pour assurer la fonction de base du terminal Fonction inviolable","og_url":"https:\/\/nextgen-sn.com\/?product=lecteur-simples-dempreintes-digitales-et-cartes","og_site_name":"NEXT GEN GROUP","article_modified_time":"2025-09-10T15:54:12+00:00","og_image":[{"width":607,"height":357,"url":"https:\/\/nextgen-sn.com\/wp-content\/uploads\/2025\/09\/\u5916\u89c2.png.thumb_.1280.1280.webp","type":"image\/webp"}],"twitter_card":"summary_large_image","twitter_misc":{"Dur\u00e9e de lecture estim\u00e9e":"1 minute"},"schema":{"@context":"https:\/\/schema.org","@graph":[{"@type":"WebPage","@id":"https:\/\/nextgen-sn.com\/?product=lecteur-simples-dempreintes-digitales-et-cartes","url":"https:\/\/nextgen-sn.com\/?product=lecteur-simples-dempreintes-digitales-et-cartes","name":"Lecteur simples d\u2019empreintes digitales et cartes - NEXT GEN GROUP","isPartOf":{"@id":"https:\/\/nextgen-sn.com\/#website"},"primaryImageOfPage":{"@id":"https:\/\/nextgen-sn.com\/?product=lecteur-simples-dempreintes-digitales-et-cartes#primaryimage"},"image":{"@id":"https:\/\/nextgen-sn.com\/?product=lecteur-simples-dempreintes-digitales-et-cartes#primaryimage"},"thumbnailUrl":"https:\/\/nextgen-sn.com\/wp-content\/uploads\/2025\/09\/\u5916\u89c2.png.thumb_.1280.1280.webp","datePublished":"2025-09-10T15:54:06+00:00","dateModified":"2025-09-10T15:54:12+00:00","breadcrumb":{"@id":"https:\/\/nextgen-sn.com\/?product=lecteur-simples-dempreintes-digitales-et-cartes#breadcrumb"},"inLanguage":"fr-FR","potentialAction":[{"@type":"ReadAction","target":["https:\/\/nextgen-sn.com\/?product=lecteur-simples-dempreintes-digitales-et-cartes"]}]},{"@type":"ImageObject","inLanguage":"fr-FR","@id":"https:\/\/nextgen-sn.com\/?product=lecteur-simples-dempreintes-digitales-et-cartes#primaryimage","url":"https:\/\/nextgen-sn.com\/wp-content\/uploads\/2025\/09\/\u5916\u89c2.png.thumb_.1280.1280.webp","contentUrl":"https:\/\/nextgen-sn.com\/wp-content\/uploads\/2025\/09\/\u5916\u89c2.png.thumb_.1280.1280.webp","width":607,"height":357},{"@type":"BreadcrumbList","@id":"https:\/\/nextgen-sn.com\/?product=lecteur-simples-dempreintes-digitales-et-cartes#breadcrumb","itemListElement":[{"@type":"ListItem","position":1,"name":"Accueil","item":"https:\/\/nextgen-sn.com\/"},{"@type":"ListItem","position":2,"name":"Produits","item":"https:\/\/nextgen-sn.com\/?post_type=product"},{"@type":"ListItem","position":3,"name":"Lecteur simples d\u2019empreintes digitales et cartes"}]},{"@type":"WebSite","@id":"https:\/\/nextgen-sn.com\/#website","url":"https:\/\/nextgen-sn.com\/","name":"NEXT GEN GROUP","description":"Next Gen Group offre des services dans le domaine de l&#039;affichage gynamique","publisher":{"@id":"https:\/\/nextgen-sn.com\/#organization"},"potentialAction":[{"@type":"SearchAction","target":{"@type":"EntryPoint","urlTemplate":"https:\/\/nextgen-sn.com\/?s={search_term_string}"},"query-input":{"@type":"PropertyValueSpecification","valueRequired":true,"valueName":"search_term_string"}}],"inLanguage":"fr-FR"},{"@type":"Organization","@id":"https:\/\/nextgen-sn.com\/#organization","name":"NEXT GEN GROUP","url":"https:\/\/nextgen-sn.com\/","logo":{"@type":"ImageObject","inLanguage":"fr-FR","@id":"https:\/\/nextgen-sn.com\/#\/schema\/logo\/image\/","url":"https:\/\/nextgen-sn.com\/wp-content\/uploads\/2025\/08\/Logo-Next-Gen.png","contentUrl":"https:\/\/nextgen-sn.com\/wp-content\/uploads\/2025\/08\/Logo-Next-Gen.png","width":341,"height":149,"caption":"NEXT GEN GROUP"},"image":{"@id":"https:\/\/nextgen-sn.com\/#\/schema\/logo\/image\/"}}]}},"_links":{"self":[{"href":"https:\/\/nextgen-sn.com\/index.php?rest_route=\/wp\/v2\/product\/2738","targetHints":{"allow":["GET"]}}],"collection":[{"href":"https:\/\/nextgen-sn.com\/index.php?rest_route=\/wp\/v2\/product"}],"about":[{"href":"https:\/\/nextgen-sn.com\/index.php?rest_route=\/wp\/v2\/types\/product"}],"wp:featuredmedia":[{"embeddable":true,"href":"https:\/\/nextgen-sn.com\/index.php?rest_route=\/wp\/v2\/media\/2768"}],"wp:attachment":[{"href":"https:\/\/nextgen-sn.com\/index.php?rest_route=%2Fwp%2Fv2%2Fmedia&parent=2738"}],"wp:term":[{"taxonomy":"product_brand","embeddable":true,"href":"https:\/\/nextgen-sn.com\/index.php?rest_route=%2Fwp%2Fv2%2Fproduct_brand&post=2738"},{"taxonomy":"product_cat","embeddable":true,"href":"https:\/\/nextgen-sn.com\/index.php?rest_route=%2Fwp%2Fv2%2Fproduct_cat&post=2738"},{"taxonomy":"product_tag","embeddable":true,"href":"https:\/\/nextgen-sn.com\/index.php?rest_route=%2Fwp%2Fv2%2Fproduct_tag&post=2738"}],"curies":[{"name":"wp","href":"https:\/\/api.w.org\/{rel}","templated":true}]}}