{"id":2729,"date":"2025-09-10T15:54:06","date_gmt":"2025-09-10T15:54:06","guid":{"rendered":"https:\/\/nextgen.leden-shop.com\/?post_type=product&#038;p=2729"},"modified":"2025-09-10T15:54:10","modified_gmt":"2025-09-10T15:54:10","slug":"camera-bullet-colorvu","status":"publish","type":"product","link":"https:\/\/nextgen-sn.com\/?product=camera-bullet-colorvu","title":{"rendered":"Cam\u00e9ra Bullet Colorvu"},"content":{"rendered":"<h1 class=\"product_title entry-title\">Cam\u00e9ra Bullet Colorvu<\/h1>\n<p>La cam\u00e9ra Hikvision DS-2CE10DFOT-F\/Eco 2MP Colorvu Bullet offre une imagerie couleur 24h\/24 et 7j\/7 avec une lumi\u00e8re suppl\u00e9mentaire chaude jusqu&rsquo;\u00e0 20 m de port\u00e9e.<\/p>\n<p>Cette cam\u00e9ra Colorvu Bullet offre \u00e9galement une image tr\u00e8s claire m\u00eame contre un fort contre-jour gr\u00e2ce \u00e0 la v\u00e9ritable technologie WDR de 130 dB et un 4 en 1 (4 signaux commutables TVI\/AHD\/CVI\/CVBS). Il est r\u00e9sistant \u00e0 l&rsquo;eau et \u00e0 la poussi\u00e8re (IP67).<\/p>\n<p>La cam\u00e9ra bullet Hikvision DS-2CE10DFOT-F\/Eco 2MP Colorvu est la cam\u00e9ra bullet colorvu ext\u00e9rieure la plus abordable.<\/p>\n<p>Sp\u00e9cifications du produit:<\/p>\n<ul>\n<li>Capteur d&rsquo;image2 MP CMOS<\/li>\n<li>Max. R\u00e9solution1920 (H) \u00d7 1080 (V)<\/li>\n<li>Min. IlluminationColor\u00a0: 0,0005 Lux @ (F1.0, AGC ON), 0 Lux avec lumi\u00e8re blanche<\/li>\n<li>Obturateur TimePAL : 1\/25 s \u00e0 1\/50 000 s ; NTSC : 1\/30 s \u00e0 1\/50 000 s<\/li>\n<li>Imagerie couleur jour et nuit 24h\/24 et 7j\/7<\/li>\n<li>R\u00e9glage de l&rsquo;anglePan : 0 \u00e0 360\u00b0, Tilt : 0 \u00e0 180\u00b0, Rotation : 0 \u00e0 360\u00b0<\/li>\n<li>Syst\u00e8me de signal PAL\/NTSC<\/li>\n<li>Obturateur lent Max. 16 fois<\/li>\n<li>Lentille<\/li>\n<li>Type d&rsquo;objectifObjectif \u00e0 focale fixe de 3,6 mm et 6 mm<\/li>\n<li>Longueur focale et FOV<\/li>\n<li>Monture d&rsquo;objectifM16<\/li>\n<li>Illuminateur<\/li>\n<li>Suppl\u00e9ment Type de Lumi\u00e8re blanche<\/li>\n<li>Suppl\u00e9ment Port\u00e9e lumineuse jusqu&rsquo;\u00e0 20 m<\/li>\n<li>Suppl\u00e9ment Smart <span class=\"tech-specs-items-description__title\">Light<\/span><span class=\"tech-specs-items-description__title-details\">Yes<\/span><\/li>\n<li>Image<\/li>\n<li>Param\u00e8tres d&rsquo;image SwitchSTD\/HIGH-SAT<\/li>\n<li>Param\u00e8tres d&rsquo;imageLuminosit\u00e9\u00a0; Acuit\u00e9; Miroir; CAG<\/li>\n<li>Fr\u00e9quence d&rsquo;images<\/li>\n<li>PAL\u00a0: 1080p \u00e0 25\u00a0ips<\/li>\n<li>NTSC : 1080p \u00e0 30 ips<\/li>\n<li>Plage dynamique \u00e9tendue (WDR)\u2265130 dB<\/li>\n<li>Am\u00e9lioration de l&rsquo;imageBLC;HLC<\/li>\n<li>Masque de confidentialit\u00e94 masques de confidentialit\u00e9 programmables<\/li>\n<li>R\u00e9duction du bruit3D DNR<\/li>\n<li>Balance des blancsAuto\/Manuel<\/li>\n<li>Interface<\/li>\n<li>Sortie vid\u00e9o Commutable TVI\/AHD\/CVI\/CVBS ; 1 sortie analogique HD<\/li>\n<li>\u00c9v\u00e9nement<\/li>\n<li>D\u00e9tection de mouvement : 4 zones de mouvement programmables<\/li>\n<li>Mat\u00e9riel: M\u00e9tal<\/li>\n<li>Langue: fran\u00e7ais<\/li>\n<li>Approbation<\/li>\n<li>ProtectionIP67<\/li>\n<\/ul>\n<p>&nbsp;<\/p>\n","protected":false},"excerpt":{"rendered":"<p class=\"tx-excerpt\">Cam\u00e9ra Bullet Colorvu La cam\u00e9ra Hikvision DS-2CE10DFOT-F\/Eco 2MP Colorvu Bullet offre une imagerie couleur 24h\/24 et 7j\/7 avec une lumi\u00e8re suppl\u00e9mentaire chaude jusqu&rsquo;\u00e0 20 m de port\u00e9e. Cette cam\u00e9ra Colorvu Bullet offre \u00e9galement une image...<\/p>","protected":false},"featured_media":2759,"template":"","meta":{"_joinchat":[]},"product_brand":[],"product_cat":[34],"product_tag":[],"class_list":{"0":"post-2729","1":"product","2":"type-product","3":"status-publish","4":"has-post-thumbnail","6":"product_cat-cameras-analogiques","8":"first","9":"instock","10":"taxable","11":"shipping-taxable","12":"purchasable","13":"product-type-simple"},"yoast_head":"<!-- This site is optimized with the Yoast SEO plugin v27.4 - https:\/\/yoast.com\/product\/yoast-seo-wordpress\/ -->\n<title>Cam\u00e9ra Bullet Colorvu - NEXT GEN GROUP<\/title>\n<meta name=\"robots\" content=\"index, follow, max-snippet:-1, max-image-preview:large, max-video-preview:-1\" \/>\n<link rel=\"canonical\" href=\"https:\/\/nextgen-sn.com\/?product=camera-bullet-colorvu\" \/>\n<meta property=\"og:locale\" content=\"fr_FR\" \/>\n<meta property=\"og:type\" content=\"article\" \/>\n<meta property=\"og:title\" content=\"Cam\u00e9ra Bullet Colorvu - NEXT GEN GROUP\" \/>\n<meta property=\"og:description\" content=\"Cam\u00e9ra Bullet Colorvu La cam\u00e9ra Hikvision DS-2CE10DFOT-F\/Eco 2MP Colorvu Bullet offre une imagerie couleur 24h\/24 et 7j\/7 avec une lumi\u00e8re suppl\u00e9mentaire chaude jusqu&rsquo;\u00e0 20 m de port\u00e9e. Cette cam\u00e9ra Colorvu Bullet offre \u00e9galement une image tr\u00e8s claire m\u00eame contre un fort contre-jour gr\u00e2ce \u00e0 la v\u00e9ritable technologie WDR de 130 dB et un 4 en 1 (4 signaux commutables TVI\/AHD\/CVI\/CVBS). Il est r\u00e9sistant \u00e0 l&rsquo;eau et \u00e0 la poussi\u00e8re (IP67). La cam\u00e9ra bullet Hikvision DS-2CE10DFOT-F\/Eco 2MP Colorvu est la cam\u00e9ra bullet colorvu ext\u00e9rieure la plus abordable. Sp\u00e9cifications du produit: Capteur d&rsquo;image2 MP CMOS Max. R\u00e9solution1920 (H) \u00d7 1080 (V) Min. IlluminationColor\u00a0: 0,0005 Lux @ (F1.0, AGC ON), 0 Lux avec lumi\u00e8re blanche Obturateur TimePAL : 1\/25 s \u00e0 1\/50 000 s ; NTSC : 1\/30 s \u00e0 1\/50 000 s Imagerie couleur jour et nuit 24h\/24 et 7j\/7 R\u00e9glage de l&rsquo;anglePan : 0 \u00e0 360\u00b0, Tilt : 0 \u00e0 180\u00b0, Rotation : 0 \u00e0 360\u00b0 Syst\u00e8me de signal PAL\/NTSC Obturateur lent Max. 16 fois Lentille Type d&rsquo;objectifObjectif \u00e0 focale fixe de 3,6 mm et 6 mm Longueur focale et FOV Monture d&rsquo;objectifM16 Illuminateur Suppl\u00e9ment Type de Lumi\u00e8re blanche Suppl\u00e9ment Port\u00e9e lumineuse jusqu&rsquo;\u00e0 20 m Suppl\u00e9ment Smart LightYes Image Param\u00e8tres d&rsquo;image SwitchSTD\/HIGH-SAT Param\u00e8tres d&rsquo;imageLuminosit\u00e9\u00a0; Acuit\u00e9; Miroir; CAG Fr\u00e9quence d&rsquo;images PAL\u00a0: 1080p \u00e0 25\u00a0ips NTSC : 1080p \u00e0 30 ips Plage dynamique \u00e9tendue (WDR)\u2265130 dB Am\u00e9lioration de l&rsquo;imageBLC;HLC Masque de confidentialit\u00e94 masques de confidentialit\u00e9 programmables R\u00e9duction du bruit3D DNR Balance des blancsAuto\/Manuel Interface Sortie vid\u00e9o Commutable TVI\/AHD\/CVI\/CVBS ; 1 sortie analogique HD \u00c9v\u00e9nement D\u00e9tection de mouvement : 4 zones de mouvement programmables Mat\u00e9riel: M\u00e9tal Langue: fran\u00e7ais Approbation ProtectionIP67 &nbsp;\" \/>\n<meta property=\"og:url\" content=\"https:\/\/nextgen-sn.com\/?product=camera-bullet-colorvu\" \/>\n<meta property=\"og:site_name\" content=\"NEXT GEN GROUP\" \/>\n<meta property=\"article:modified_time\" content=\"2025-09-10T15:54:10+00:00\" \/>\n<meta property=\"og:image\" content=\"https:\/\/nextgen-sn.com\/wp-content\/uploads\/2025\/09\/Hikvision-DS-2CE10DFOT-F-Eco-2MP-Colorvu-Bullet-Camera.jpg\" \/>\n\t<meta property=\"og:image:width\" content=\"500\" \/>\n\t<meta property=\"og:image:height\" content=\"500\" \/>\n\t<meta property=\"og:image:type\" content=\"image\/jpeg\" \/>\n<meta name=\"twitter:card\" content=\"summary_large_image\" \/>\n<meta name=\"twitter:label1\" content=\"Dur\u00e9e de lecture estim\u00e9e\" \/>\n\t<meta name=\"twitter:data1\" content=\"1 minute\" \/>\n<script type=\"application\/ld+json\" class=\"yoast-schema-graph\">{\"@context\":\"https:\\\/\\\/schema.org\",\"@graph\":[{\"@type\":\"WebPage\",\"@id\":\"https:\\\/\\\/nextgen-sn.com\\\/?product=camera-bullet-colorvu\",\"url\":\"https:\\\/\\\/nextgen-sn.com\\\/?product=camera-bullet-colorvu\",\"name\":\"Cam\u00e9ra Bullet Colorvu - NEXT GEN GROUP\",\"isPartOf\":{\"@id\":\"https:\\\/\\\/nextgen-sn.com\\\/#website\"},\"primaryImageOfPage\":{\"@id\":\"https:\\\/\\\/nextgen-sn.com\\\/?product=camera-bullet-colorvu#primaryimage\"},\"image\":{\"@id\":\"https:\\\/\\\/nextgen-sn.com\\\/?product=camera-bullet-colorvu#primaryimage\"},\"thumbnailUrl\":\"https:\\\/\\\/nextgen-sn.com\\\/wp-content\\\/uploads\\\/2025\\\/09\\\/Hikvision-DS-2CE10DFOT-F-Eco-2MP-Colorvu-Bullet-Camera.jpg\",\"datePublished\":\"2025-09-10T15:54:06+00:00\",\"dateModified\":\"2025-09-10T15:54:10+00:00\",\"breadcrumb\":{\"@id\":\"https:\\\/\\\/nextgen-sn.com\\\/?product=camera-bullet-colorvu#breadcrumb\"},\"inLanguage\":\"fr-FR\",\"potentialAction\":[{\"@type\":\"ReadAction\",\"target\":[\"https:\\\/\\\/nextgen-sn.com\\\/?product=camera-bullet-colorvu\"]}]},{\"@type\":\"ImageObject\",\"inLanguage\":\"fr-FR\",\"@id\":\"https:\\\/\\\/nextgen-sn.com\\\/?product=camera-bullet-colorvu#primaryimage\",\"url\":\"https:\\\/\\\/nextgen-sn.com\\\/wp-content\\\/uploads\\\/2025\\\/09\\\/Hikvision-DS-2CE10DFOT-F-Eco-2MP-Colorvu-Bullet-Camera.jpg\",\"contentUrl\":\"https:\\\/\\\/nextgen-sn.com\\\/wp-content\\\/uploads\\\/2025\\\/09\\\/Hikvision-DS-2CE10DFOT-F-Eco-2MP-Colorvu-Bullet-Camera.jpg\",\"width\":500,\"height\":500},{\"@type\":\"BreadcrumbList\",\"@id\":\"https:\\\/\\\/nextgen-sn.com\\\/?product=camera-bullet-colorvu#breadcrumb\",\"itemListElement\":[{\"@type\":\"ListItem\",\"position\":1,\"name\":\"Accueil\",\"item\":\"https:\\\/\\\/nextgen-sn.com\\\/\"},{\"@type\":\"ListItem\",\"position\":2,\"name\":\"Produits\",\"item\":\"https:\\\/\\\/nextgen-sn.com\\\/?post_type=product\"},{\"@type\":\"ListItem\",\"position\":3,\"name\":\"Cam\u00e9ra Bullet Colorvu\"}]},{\"@type\":\"WebSite\",\"@id\":\"https:\\\/\\\/nextgen-sn.com\\\/#website\",\"url\":\"https:\\\/\\\/nextgen-sn.com\\\/\",\"name\":\"NEXT GEN GROUP\",\"description\":\"Next Gen Group offre des services dans le domaine de l&#039;affichage gynamique\",\"publisher\":{\"@id\":\"https:\\\/\\\/nextgen-sn.com\\\/#organization\"},\"potentialAction\":[{\"@type\":\"SearchAction\",\"target\":{\"@type\":\"EntryPoint\",\"urlTemplate\":\"https:\\\/\\\/nextgen-sn.com\\\/?s={search_term_string}\"},\"query-input\":{\"@type\":\"PropertyValueSpecification\",\"valueRequired\":true,\"valueName\":\"search_term_string\"}}],\"inLanguage\":\"fr-FR\"},{\"@type\":\"Organization\",\"@id\":\"https:\\\/\\\/nextgen-sn.com\\\/#organization\",\"name\":\"NEXT GEN GROUP\",\"url\":\"https:\\\/\\\/nextgen-sn.com\\\/\",\"logo\":{\"@type\":\"ImageObject\",\"inLanguage\":\"fr-FR\",\"@id\":\"https:\\\/\\\/nextgen-sn.com\\\/#\\\/schema\\\/logo\\\/image\\\/\",\"url\":\"https:\\\/\\\/nextgen-sn.com\\\/wp-content\\\/uploads\\\/2025\\\/08\\\/Logo-Next-Gen.png\",\"contentUrl\":\"https:\\\/\\\/nextgen-sn.com\\\/wp-content\\\/uploads\\\/2025\\\/08\\\/Logo-Next-Gen.png\",\"width\":341,\"height\":149,\"caption\":\"NEXT GEN GROUP\"},\"image\":{\"@id\":\"https:\\\/\\\/nextgen-sn.com\\\/#\\\/schema\\\/logo\\\/image\\\/\"}}]}<\/script>\n<!-- \/ Yoast SEO plugin. -->","yoast_head_json":{"title":"Cam\u00e9ra Bullet Colorvu - NEXT GEN GROUP","robots":{"index":"index","follow":"follow","max-snippet":"max-snippet:-1","max-image-preview":"max-image-preview:large","max-video-preview":"max-video-preview:-1"},"canonical":"https:\/\/nextgen-sn.com\/?product=camera-bullet-colorvu","og_locale":"fr_FR","og_type":"article","og_title":"Cam\u00e9ra Bullet Colorvu - NEXT GEN GROUP","og_description":"Cam\u00e9ra Bullet Colorvu La cam\u00e9ra Hikvision DS-2CE10DFOT-F\/Eco 2MP Colorvu Bullet offre une imagerie couleur 24h\/24 et 7j\/7 avec une lumi\u00e8re suppl\u00e9mentaire chaude jusqu&rsquo;\u00e0 20 m de port\u00e9e. Cette cam\u00e9ra Colorvu Bullet offre \u00e9galement une image tr\u00e8s claire m\u00eame contre un fort contre-jour gr\u00e2ce \u00e0 la v\u00e9ritable technologie WDR de 130 dB et un 4 en 1 (4 signaux commutables TVI\/AHD\/CVI\/CVBS). Il est r\u00e9sistant \u00e0 l&rsquo;eau et \u00e0 la poussi\u00e8re (IP67). La cam\u00e9ra bullet Hikvision DS-2CE10DFOT-F\/Eco 2MP Colorvu est la cam\u00e9ra bullet colorvu ext\u00e9rieure la plus abordable. Sp\u00e9cifications du produit: Capteur d&rsquo;image2 MP CMOS Max. R\u00e9solution1920 (H) \u00d7 1080 (V) Min. IlluminationColor\u00a0: 0,0005 Lux @ (F1.0, AGC ON), 0 Lux avec lumi\u00e8re blanche Obturateur TimePAL : 1\/25 s \u00e0 1\/50 000 s ; NTSC : 1\/30 s \u00e0 1\/50 000 s Imagerie couleur jour et nuit 24h\/24 et 7j\/7 R\u00e9glage de l&rsquo;anglePan : 0 \u00e0 360\u00b0, Tilt : 0 \u00e0 180\u00b0, Rotation : 0 \u00e0 360\u00b0 Syst\u00e8me de signal PAL\/NTSC Obturateur lent Max. 16 fois Lentille Type d&rsquo;objectifObjectif \u00e0 focale fixe de 3,6 mm et 6 mm Longueur focale et FOV Monture d&rsquo;objectifM16 Illuminateur Suppl\u00e9ment Type de Lumi\u00e8re blanche Suppl\u00e9ment Port\u00e9e lumineuse jusqu&rsquo;\u00e0 20 m Suppl\u00e9ment Smart LightYes Image Param\u00e8tres d&rsquo;image SwitchSTD\/HIGH-SAT Param\u00e8tres d&rsquo;imageLuminosit\u00e9\u00a0; Acuit\u00e9; Miroir; CAG Fr\u00e9quence d&rsquo;images PAL\u00a0: 1080p \u00e0 25\u00a0ips NTSC : 1080p \u00e0 30 ips Plage dynamique \u00e9tendue (WDR)\u2265130 dB Am\u00e9lioration de l&rsquo;imageBLC;HLC Masque de confidentialit\u00e94 masques de confidentialit\u00e9 programmables R\u00e9duction du bruit3D DNR Balance des blancsAuto\/Manuel Interface Sortie vid\u00e9o Commutable TVI\/AHD\/CVI\/CVBS ; 1 sortie analogique HD \u00c9v\u00e9nement D\u00e9tection de mouvement : 4 zones de mouvement programmables Mat\u00e9riel: M\u00e9tal Langue: fran\u00e7ais Approbation ProtectionIP67 &nbsp;","og_url":"https:\/\/nextgen-sn.com\/?product=camera-bullet-colorvu","og_site_name":"NEXT GEN GROUP","article_modified_time":"2025-09-10T15:54:10+00:00","og_image":[{"width":500,"height":500,"url":"https:\/\/nextgen-sn.com\/wp-content\/uploads\/2025\/09\/Hikvision-DS-2CE10DFOT-F-Eco-2MP-Colorvu-Bullet-Camera.jpg","type":"image\/jpeg"}],"twitter_card":"summary_large_image","twitter_misc":{"Dur\u00e9e de lecture estim\u00e9e":"1 minute"},"schema":{"@context":"https:\/\/schema.org","@graph":[{"@type":"WebPage","@id":"https:\/\/nextgen-sn.com\/?product=camera-bullet-colorvu","url":"https:\/\/nextgen-sn.com\/?product=camera-bullet-colorvu","name":"Cam\u00e9ra Bullet Colorvu - NEXT GEN GROUP","isPartOf":{"@id":"https:\/\/nextgen-sn.com\/#website"},"primaryImageOfPage":{"@id":"https:\/\/nextgen-sn.com\/?product=camera-bullet-colorvu#primaryimage"},"image":{"@id":"https:\/\/nextgen-sn.com\/?product=camera-bullet-colorvu#primaryimage"},"thumbnailUrl":"https:\/\/nextgen-sn.com\/wp-content\/uploads\/2025\/09\/Hikvision-DS-2CE10DFOT-F-Eco-2MP-Colorvu-Bullet-Camera.jpg","datePublished":"2025-09-10T15:54:06+00:00","dateModified":"2025-09-10T15:54:10+00:00","breadcrumb":{"@id":"https:\/\/nextgen-sn.com\/?product=camera-bullet-colorvu#breadcrumb"},"inLanguage":"fr-FR","potentialAction":[{"@type":"ReadAction","target":["https:\/\/nextgen-sn.com\/?product=camera-bullet-colorvu"]}]},{"@type":"ImageObject","inLanguage":"fr-FR","@id":"https:\/\/nextgen-sn.com\/?product=camera-bullet-colorvu#primaryimage","url":"https:\/\/nextgen-sn.com\/wp-content\/uploads\/2025\/09\/Hikvision-DS-2CE10DFOT-F-Eco-2MP-Colorvu-Bullet-Camera.jpg","contentUrl":"https:\/\/nextgen-sn.com\/wp-content\/uploads\/2025\/09\/Hikvision-DS-2CE10DFOT-F-Eco-2MP-Colorvu-Bullet-Camera.jpg","width":500,"height":500},{"@type":"BreadcrumbList","@id":"https:\/\/nextgen-sn.com\/?product=camera-bullet-colorvu#breadcrumb","itemListElement":[{"@type":"ListItem","position":1,"name":"Accueil","item":"https:\/\/nextgen-sn.com\/"},{"@type":"ListItem","position":2,"name":"Produits","item":"https:\/\/nextgen-sn.com\/?post_type=product"},{"@type":"ListItem","position":3,"name":"Cam\u00e9ra Bullet Colorvu"}]},{"@type":"WebSite","@id":"https:\/\/nextgen-sn.com\/#website","url":"https:\/\/nextgen-sn.com\/","name":"NEXT GEN GROUP","description":"Next Gen Group offre des services dans le domaine de l&#039;affichage gynamique","publisher":{"@id":"https:\/\/nextgen-sn.com\/#organization"},"potentialAction":[{"@type":"SearchAction","target":{"@type":"EntryPoint","urlTemplate":"https:\/\/nextgen-sn.com\/?s={search_term_string}"},"query-input":{"@type":"PropertyValueSpecification","valueRequired":true,"valueName":"search_term_string"}}],"inLanguage":"fr-FR"},{"@type":"Organization","@id":"https:\/\/nextgen-sn.com\/#organization","name":"NEXT GEN GROUP","url":"https:\/\/nextgen-sn.com\/","logo":{"@type":"ImageObject","inLanguage":"fr-FR","@id":"https:\/\/nextgen-sn.com\/#\/schema\/logo\/image\/","url":"https:\/\/nextgen-sn.com\/wp-content\/uploads\/2025\/08\/Logo-Next-Gen.png","contentUrl":"https:\/\/nextgen-sn.com\/wp-content\/uploads\/2025\/08\/Logo-Next-Gen.png","width":341,"height":149,"caption":"NEXT GEN GROUP"},"image":{"@id":"https:\/\/nextgen-sn.com\/#\/schema\/logo\/image\/"}}]}},"_links":{"self":[{"href":"https:\/\/nextgen-sn.com\/index.php?rest_route=\/wp\/v2\/product\/2729","targetHints":{"allow":["GET"]}}],"collection":[{"href":"https:\/\/nextgen-sn.com\/index.php?rest_route=\/wp\/v2\/product"}],"about":[{"href":"https:\/\/nextgen-sn.com\/index.php?rest_route=\/wp\/v2\/types\/product"}],"wp:featuredmedia":[{"embeddable":true,"href":"https:\/\/nextgen-sn.com\/index.php?rest_route=\/wp\/v2\/media\/2759"}],"wp:attachment":[{"href":"https:\/\/nextgen-sn.com\/index.php?rest_route=%2Fwp%2Fv2%2Fmedia&parent=2729"}],"wp:term":[{"taxonomy":"product_brand","embeddable":true,"href":"https:\/\/nextgen-sn.com\/index.php?rest_route=%2Fwp%2Fv2%2Fproduct_brand&post=2729"},{"taxonomy":"product_cat","embeddable":true,"href":"https:\/\/nextgen-sn.com\/index.php?rest_route=%2Fwp%2Fv2%2Fproduct_cat&post=2729"},{"taxonomy":"product_tag","embeddable":true,"href":"https:\/\/nextgen-sn.com\/index.php?rest_route=%2Fwp%2Fv2%2Fproduct_tag&post=2729"}],"curies":[{"name":"wp","href":"https:\/\/api.w.org\/{rel}","templated":true}]}}