{"id":2717,"date":"2025-09-10T15:54:05","date_gmt":"2025-09-10T15:54:05","guid":{"rendered":"https:\/\/nextgen.leden-shop.com\/?post_type=product&#038;p=2717"},"modified":"2025-09-10T15:54:08","modified_gmt":"2025-09-10T15:54:08","slug":"nvr-4k-64ch","status":"publish","type":"product","link":"https:\/\/nextgen-sn.com\/?product=nvr-4k-64ch","title":{"rendered":"NVR 4K 64ch"},"content":{"rendered":"<h2 class=\"prod_name\"><\/h2>\n<h2 class=\"prod_name\"><span class=\"prod_name-content\">DS-9664NI-I16<\/span><\/h2>\n<p>Jusqu&rsquo;\u00e0 64 cam\u00e9ras IP peuvent \u00eatre connect\u00e9es<br \/>\nJusqu&rsquo;\u00e0 320 Mbps (ou 200 Mbps lorsque RAID est activ\u00e9) une bande passante entrante \u00e9lev\u00e9e garantit que les cam\u00e9ras IP peuvent \u00eatre connect\u00e9es<br \/>\n2 interfaces HDMI (source diff\u00e9rente) et 2 interfaces VGA (source diff\u00e9rente)<br \/>\n16 HDD peuvent \u00eatre utilis\u00e9s pour l&rsquo;enregistrement vid\u00e9o continu<br \/>\nPrend en charge certaines cam\u00e9ras sp\u00e9cialis\u00e9es, y compris les cam\u00e9ras de comptage de personnes\/cam\u00e9ra ANPR (reconnaissance automatique des plaques d&rsquo;immatriculation)\/cam\u00e9ra fisheye<br \/>\nLa technologie de streaming avanc\u00e9e permet une visualisation en direct fluide dans des conditions de r\u00e9seau m\u00e9diocres<br \/>\nPrend en charge les disques de secours RAID 0, 1, 5, 6, 10 et N+1 pour un stockage de donn\u00e9es encore plus fiable, \u00e9vite efficacement les risques de perte de donn\u00e9es<\/p>\n","protected":false},"excerpt":{"rendered":"<p class=\"tx-excerpt\">DS-9664NI-I16 Jusqu&rsquo;\u00e0 64 cam\u00e9ras IP peuvent \u00eatre connect\u00e9es Jusqu&rsquo;\u00e0 320 Mbps (ou 200 Mbps lorsque RAID est activ\u00e9) une bande passante entrante \u00e9lev\u00e9e garantit que les cam\u00e9ras IP peuvent \u00eatre connect\u00e9es 2 interfaces HDMI (source...<\/p>","protected":false},"featured_media":2747,"template":"","meta":{"_joinchat":[]},"product_brand":[],"product_cat":[32],"product_tag":[],"class_list":{"0":"post-2717","1":"product","2":"type-product","3":"status-publish","4":"has-post-thumbnail","6":"product_cat-nvr","8":"first","9":"instock","10":"taxable","11":"shipping-taxable","12":"purchasable","13":"product-type-simple"},"yoast_head":"<!-- This site is optimized with the Yoast SEO plugin v27.4 - https:\/\/yoast.com\/product\/yoast-seo-wordpress\/ -->\n<title>NVR 4K 64ch - NEXT GEN GROUP<\/title>\n<meta name=\"robots\" content=\"index, follow, max-snippet:-1, max-image-preview:large, max-video-preview:-1\" \/>\n<link rel=\"canonical\" href=\"https:\/\/nextgen-sn.com\/?product=nvr-4k-64ch\" \/>\n<meta property=\"og:locale\" content=\"fr_FR\" \/>\n<meta property=\"og:type\" content=\"article\" \/>\n<meta property=\"og:title\" content=\"NVR 4K 64ch - NEXT GEN GROUP\" \/>\n<meta property=\"og:description\" content=\"DS-9664NI-I16 Jusqu&rsquo;\u00e0 64 cam\u00e9ras IP peuvent \u00eatre connect\u00e9es Jusqu&rsquo;\u00e0 320 Mbps (ou 200 Mbps lorsque RAID est activ\u00e9) une bande passante entrante \u00e9lev\u00e9e garantit que les cam\u00e9ras IP peuvent \u00eatre connect\u00e9es 2 interfaces HDMI (source diff\u00e9rente) et 2 interfaces VGA (source diff\u00e9rente) 16 HDD peuvent \u00eatre utilis\u00e9s pour l&rsquo;enregistrement vid\u00e9o continu Prend en charge certaines cam\u00e9ras sp\u00e9cialis\u00e9es, y compris les cam\u00e9ras de comptage de personnes\/cam\u00e9ra ANPR (reconnaissance automatique des plaques d&rsquo;immatriculation)\/cam\u00e9ra fisheye La technologie de streaming avanc\u00e9e permet une visualisation en direct fluide dans des conditions de r\u00e9seau m\u00e9diocres Prend en charge les disques de secours RAID 0, 1, 5, 6, 10 et N+1 pour un stockage de donn\u00e9es encore plus fiable, \u00e9vite efficacement les risques de perte de donn\u00e9es\" \/>\n<meta property=\"og:url\" content=\"https:\/\/nextgen-sn.com\/?product=nvr-4k-64ch\" \/>\n<meta property=\"og:site_name\" content=\"NEXT GEN GROUP\" \/>\n<meta property=\"article:modified_time\" content=\"2025-09-10T15:54:08+00:00\" \/>\n<meta property=\"og:image\" content=\"https:\/\/nextgen-sn.com\/wp-content\/uploads\/2025\/09\/MB-123HHE-P-HIKVISION.png.thumb_.1280.1280.webp\" \/>\n\t<meta property=\"og:image:width\" content=\"1280\" \/>\n\t<meta property=\"og:image:height\" content=\"1280\" \/>\n\t<meta property=\"og:image:type\" content=\"image\/webp\" \/>\n<meta name=\"twitter:card\" content=\"summary_large_image\" \/>\n<meta name=\"twitter:label1\" content=\"Dur\u00e9e de lecture estim\u00e9e\" \/>\n\t<meta name=\"twitter:data1\" content=\"1 minute\" \/>\n<script type=\"application\/ld+json\" class=\"yoast-schema-graph\">{\"@context\":\"https:\\\/\\\/schema.org\",\"@graph\":[{\"@type\":\"WebPage\",\"@id\":\"https:\\\/\\\/nextgen-sn.com\\\/?product=nvr-4k-64ch\",\"url\":\"https:\\\/\\\/nextgen-sn.com\\\/?product=nvr-4k-64ch\",\"name\":\"NVR 4K 64ch - NEXT GEN GROUP\",\"isPartOf\":{\"@id\":\"https:\\\/\\\/nextgen-sn.com\\\/#website\"},\"primaryImageOfPage\":{\"@id\":\"https:\\\/\\\/nextgen-sn.com\\\/?product=nvr-4k-64ch#primaryimage\"},\"image\":{\"@id\":\"https:\\\/\\\/nextgen-sn.com\\\/?product=nvr-4k-64ch#primaryimage\"},\"thumbnailUrl\":\"https:\\\/\\\/nextgen-sn.com\\\/wp-content\\\/uploads\\\/2025\\\/09\\\/MB-123HHE-P-HIKVISION.png.thumb_.1280.1280.webp\",\"datePublished\":\"2025-09-10T15:54:05+00:00\",\"dateModified\":\"2025-09-10T15:54:08+00:00\",\"breadcrumb\":{\"@id\":\"https:\\\/\\\/nextgen-sn.com\\\/?product=nvr-4k-64ch#breadcrumb\"},\"inLanguage\":\"fr-FR\",\"potentialAction\":[{\"@type\":\"ReadAction\",\"target\":[\"https:\\\/\\\/nextgen-sn.com\\\/?product=nvr-4k-64ch\"]}]},{\"@type\":\"ImageObject\",\"inLanguage\":\"fr-FR\",\"@id\":\"https:\\\/\\\/nextgen-sn.com\\\/?product=nvr-4k-64ch#primaryimage\",\"url\":\"https:\\\/\\\/nextgen-sn.com\\\/wp-content\\\/uploads\\\/2025\\\/09\\\/MB-123HHE-P-HIKVISION.png.thumb_.1280.1280.webp\",\"contentUrl\":\"https:\\\/\\\/nextgen-sn.com\\\/wp-content\\\/uploads\\\/2025\\\/09\\\/MB-123HHE-P-HIKVISION.png.thumb_.1280.1280.webp\",\"width\":1280,\"height\":1280},{\"@type\":\"BreadcrumbList\",\"@id\":\"https:\\\/\\\/nextgen-sn.com\\\/?product=nvr-4k-64ch#breadcrumb\",\"itemListElement\":[{\"@type\":\"ListItem\",\"position\":1,\"name\":\"Accueil\",\"item\":\"https:\\\/\\\/nextgen-sn.com\\\/\"},{\"@type\":\"ListItem\",\"position\":2,\"name\":\"Produits\",\"item\":\"https:\\\/\\\/nextgen-sn.com\\\/?post_type=product\"},{\"@type\":\"ListItem\",\"position\":3,\"name\":\"NVR 4K 64ch\"}]},{\"@type\":\"WebSite\",\"@id\":\"https:\\\/\\\/nextgen-sn.com\\\/#website\",\"url\":\"https:\\\/\\\/nextgen-sn.com\\\/\",\"name\":\"NEXT GEN GROUP\",\"description\":\"Next Gen Group offre des services dans le domaine de l&#039;affichage gynamique\",\"publisher\":{\"@id\":\"https:\\\/\\\/nextgen-sn.com\\\/#organization\"},\"potentialAction\":[{\"@type\":\"SearchAction\",\"target\":{\"@type\":\"EntryPoint\",\"urlTemplate\":\"https:\\\/\\\/nextgen-sn.com\\\/?s={search_term_string}\"},\"query-input\":{\"@type\":\"PropertyValueSpecification\",\"valueRequired\":true,\"valueName\":\"search_term_string\"}}],\"inLanguage\":\"fr-FR\"},{\"@type\":\"Organization\",\"@id\":\"https:\\\/\\\/nextgen-sn.com\\\/#organization\",\"name\":\"NEXT GEN GROUP\",\"url\":\"https:\\\/\\\/nextgen-sn.com\\\/\",\"logo\":{\"@type\":\"ImageObject\",\"inLanguage\":\"fr-FR\",\"@id\":\"https:\\\/\\\/nextgen-sn.com\\\/#\\\/schema\\\/logo\\\/image\\\/\",\"url\":\"https:\\\/\\\/nextgen-sn.com\\\/wp-content\\\/uploads\\\/2025\\\/08\\\/Logo-Next-Gen.png\",\"contentUrl\":\"https:\\\/\\\/nextgen-sn.com\\\/wp-content\\\/uploads\\\/2025\\\/08\\\/Logo-Next-Gen.png\",\"width\":341,\"height\":149,\"caption\":\"NEXT GEN GROUP\"},\"image\":{\"@id\":\"https:\\\/\\\/nextgen-sn.com\\\/#\\\/schema\\\/logo\\\/image\\\/\"}}]}<\/script>\n<!-- \/ Yoast SEO plugin. -->","yoast_head_json":{"title":"NVR 4K 64ch - NEXT GEN GROUP","robots":{"index":"index","follow":"follow","max-snippet":"max-snippet:-1","max-image-preview":"max-image-preview:large","max-video-preview":"max-video-preview:-1"},"canonical":"https:\/\/nextgen-sn.com\/?product=nvr-4k-64ch","og_locale":"fr_FR","og_type":"article","og_title":"NVR 4K 64ch - NEXT GEN GROUP","og_description":"DS-9664NI-I16 Jusqu&rsquo;\u00e0 64 cam\u00e9ras IP peuvent \u00eatre connect\u00e9es Jusqu&rsquo;\u00e0 320 Mbps (ou 200 Mbps lorsque RAID est activ\u00e9) une bande passante entrante \u00e9lev\u00e9e garantit que les cam\u00e9ras IP peuvent \u00eatre connect\u00e9es 2 interfaces HDMI (source diff\u00e9rente) et 2 interfaces VGA (source diff\u00e9rente) 16 HDD peuvent \u00eatre utilis\u00e9s pour l&rsquo;enregistrement vid\u00e9o continu Prend en charge certaines cam\u00e9ras sp\u00e9cialis\u00e9es, y compris les cam\u00e9ras de comptage de personnes\/cam\u00e9ra ANPR (reconnaissance automatique des plaques d&rsquo;immatriculation)\/cam\u00e9ra fisheye La technologie de streaming avanc\u00e9e permet une visualisation en direct fluide dans des conditions de r\u00e9seau m\u00e9diocres Prend en charge les disques de secours RAID 0, 1, 5, 6, 10 et N+1 pour un stockage de donn\u00e9es encore plus fiable, \u00e9vite efficacement les risques de perte de donn\u00e9es","og_url":"https:\/\/nextgen-sn.com\/?product=nvr-4k-64ch","og_site_name":"NEXT GEN GROUP","article_modified_time":"2025-09-10T15:54:08+00:00","og_image":[{"width":1280,"height":1280,"url":"https:\/\/nextgen-sn.com\/wp-content\/uploads\/2025\/09\/MB-123HHE-P-HIKVISION.png.thumb_.1280.1280.webp","type":"image\/webp"}],"twitter_card":"summary_large_image","twitter_misc":{"Dur\u00e9e de lecture estim\u00e9e":"1 minute"},"schema":{"@context":"https:\/\/schema.org","@graph":[{"@type":"WebPage","@id":"https:\/\/nextgen-sn.com\/?product=nvr-4k-64ch","url":"https:\/\/nextgen-sn.com\/?product=nvr-4k-64ch","name":"NVR 4K 64ch - NEXT GEN GROUP","isPartOf":{"@id":"https:\/\/nextgen-sn.com\/#website"},"primaryImageOfPage":{"@id":"https:\/\/nextgen-sn.com\/?product=nvr-4k-64ch#primaryimage"},"image":{"@id":"https:\/\/nextgen-sn.com\/?product=nvr-4k-64ch#primaryimage"},"thumbnailUrl":"https:\/\/nextgen-sn.com\/wp-content\/uploads\/2025\/09\/MB-123HHE-P-HIKVISION.png.thumb_.1280.1280.webp","datePublished":"2025-09-10T15:54:05+00:00","dateModified":"2025-09-10T15:54:08+00:00","breadcrumb":{"@id":"https:\/\/nextgen-sn.com\/?product=nvr-4k-64ch#breadcrumb"},"inLanguage":"fr-FR","potentialAction":[{"@type":"ReadAction","target":["https:\/\/nextgen-sn.com\/?product=nvr-4k-64ch"]}]},{"@type":"ImageObject","inLanguage":"fr-FR","@id":"https:\/\/nextgen-sn.com\/?product=nvr-4k-64ch#primaryimage","url":"https:\/\/nextgen-sn.com\/wp-content\/uploads\/2025\/09\/MB-123HHE-P-HIKVISION.png.thumb_.1280.1280.webp","contentUrl":"https:\/\/nextgen-sn.com\/wp-content\/uploads\/2025\/09\/MB-123HHE-P-HIKVISION.png.thumb_.1280.1280.webp","width":1280,"height":1280},{"@type":"BreadcrumbList","@id":"https:\/\/nextgen-sn.com\/?product=nvr-4k-64ch#breadcrumb","itemListElement":[{"@type":"ListItem","position":1,"name":"Accueil","item":"https:\/\/nextgen-sn.com\/"},{"@type":"ListItem","position":2,"name":"Produits","item":"https:\/\/nextgen-sn.com\/?post_type=product"},{"@type":"ListItem","position":3,"name":"NVR 4K 64ch"}]},{"@type":"WebSite","@id":"https:\/\/nextgen-sn.com\/#website","url":"https:\/\/nextgen-sn.com\/","name":"NEXT GEN GROUP","description":"Next Gen Group offre des services dans le domaine de l&#039;affichage gynamique","publisher":{"@id":"https:\/\/nextgen-sn.com\/#organization"},"potentialAction":[{"@type":"SearchAction","target":{"@type":"EntryPoint","urlTemplate":"https:\/\/nextgen-sn.com\/?s={search_term_string}"},"query-input":{"@type":"PropertyValueSpecification","valueRequired":true,"valueName":"search_term_string"}}],"inLanguage":"fr-FR"},{"@type":"Organization","@id":"https:\/\/nextgen-sn.com\/#organization","name":"NEXT GEN GROUP","url":"https:\/\/nextgen-sn.com\/","logo":{"@type":"ImageObject","inLanguage":"fr-FR","@id":"https:\/\/nextgen-sn.com\/#\/schema\/logo\/image\/","url":"https:\/\/nextgen-sn.com\/wp-content\/uploads\/2025\/08\/Logo-Next-Gen.png","contentUrl":"https:\/\/nextgen-sn.com\/wp-content\/uploads\/2025\/08\/Logo-Next-Gen.png","width":341,"height":149,"caption":"NEXT GEN GROUP"},"image":{"@id":"https:\/\/nextgen-sn.com\/#\/schema\/logo\/image\/"}}]}},"_links":{"self":[{"href":"https:\/\/nextgen-sn.com\/index.php?rest_route=\/wp\/v2\/product\/2717","targetHints":{"allow":["GET"]}}],"collection":[{"href":"https:\/\/nextgen-sn.com\/index.php?rest_route=\/wp\/v2\/product"}],"about":[{"href":"https:\/\/nextgen-sn.com\/index.php?rest_route=\/wp\/v2\/types\/product"}],"wp:featuredmedia":[{"embeddable":true,"href":"https:\/\/nextgen-sn.com\/index.php?rest_route=\/wp\/v2\/media\/2747"}],"wp:attachment":[{"href":"https:\/\/nextgen-sn.com\/index.php?rest_route=%2Fwp%2Fv2%2Fmedia&parent=2717"}],"wp:term":[{"taxonomy":"product_brand","embeddable":true,"href":"https:\/\/nextgen-sn.com\/index.php?rest_route=%2Fwp%2Fv2%2Fproduct_brand&post=2717"},{"taxonomy":"product_cat","embeddable":true,"href":"https:\/\/nextgen-sn.com\/index.php?rest_route=%2Fwp%2Fv2%2Fproduct_cat&post=2717"},{"taxonomy":"product_tag","embeddable":true,"href":"https:\/\/nextgen-sn.com\/index.php?rest_route=%2Fwp%2Fv2%2Fproduct_tag&post=2717"}],"curies":[{"name":"wp","href":"https:\/\/api.w.org\/{rel}","templated":true}]}}