{"id":2714,"date":"2025-09-10T15:54:05","date_gmt":"2025-09-10T15:54:05","guid":{"rendered":"https:\/\/nextgen.leden-shop.com\/?post_type=product&#038;p=2714"},"modified":"2025-09-10T15:54:07","modified_gmt":"2025-09-10T15:54:07","slug":"camera-acusense-varifocale-motorisee-4mp","status":"publish","type":"product","link":"https:\/\/nextgen-sn.com\/?product=camera-acusense-varifocale-motorisee-4mp","title":{"rendered":"Cam\u00e9ra AcuSense varifocale motoris\u00e9e 4MP"},"content":{"rendered":"<h2 class=\"page-title\">Cam\u00e9ra de surveillance varifocale 4MP AcuSense et vision de nuit 60 m\u00e8tres EXIR\u00a0Hikvision\u00a0DS-2CD2643G2-IZS<\/h2>\n<p>La\u00a0cam\u00e9ra ext\u00e9rieure\u00a0DS-2CD2643G2-IZS est une\u00a0cam\u00e9ra de surveillance\u00a0avec un algorithme d&rsquo;intelligence artificielle qui permet de limiter les fausses d\u00e9tections.<\/p>\n<h3><strong>EasyIP 2.0 Plus avec AcuSense<br \/>\n<\/strong><\/h3>\n<p>La technologie AcuSense est capable d&rsquo;identifier un humain ou un v\u00e9hicule d&rsquo;un tr\u00e8s grand nombre d&rsquo;objets dans une sc\u00e8ne. Cette technologie permet d&rsquo;une part de d\u00e9tecter les intrusions correspondantes \u00e0 des humains et\/ou \u00e0 des v\u00e9hicules, mais elle peut \u00e9galement filtrer les fausses alarmes qui auraient \u00e9t\u00e9 d\u00e9clench\u00e9es par des objets en mouvement non mena\u00e7ants comme un animal, des changements de lumi\u00e8re rapides, la pluie, des feuilles bougeant dans le vent, etc.<\/p>\n<p>La cam\u00e9ra se concentre alors sur le mouvement des personnes ou des v\u00e9hicules, r\u00e9duisant ainsi consid\u00e9rablement le nombre de fausses alarmes pour une d\u00e9tection plus rapide et surtout plus pr\u00e9cise des intrusions.<\/p>\n<p>Le syst\u00e8me est capable de<strong>\u00a0filtrer jusqu&rsquo;\u00e0 98 % des \u00e9v\u00e9nements<\/strong>\u00a0susceptibles de d\u00e9clencher de fausses alarmes.<\/p>\n<h3>Fonctions d&rsquo;alertes optimis\u00e9es avec intelligence artificielle<\/h3>\n<p>La cam\u00e9ra de surveillance DS-2CD2643G2-IZS est capable d&rsquo;identifier un humain ou un v\u00e9hicule parmi un tr\u00e8s grand nombre d&rsquo;objets dans une sc\u00e8ne gr\u00e2ce \u00e0 l&rsquo;intelligence artificielle.<\/p>\n<p>La cam\u00e9ra intelligente DS-2CD2643G2-IZS int\u00e8gre de nombreuses fonctionnalit\u00e9s d&rsquo;alertes intelligentes bas\u00e9es sur la technologie AcuSense pour ne d\u00e9tecter que les humains et les v\u00e9hicules :<\/p>\n<ul>\n<li>D\u00e9tection de mouvement<\/li>\n<li>Franchissement de ligne virtuelle d\u00e9finie par l&rsquo;utilisateur<\/li>\n<li>D\u00e9tection d&rsquo;intrusion dans une zone virtuelle d\u00e9finie par l&rsquo;utilisateur<\/li>\n<li>D\u00e9tection faciale<\/li>\n<li>Anti-sabotage<\/li>\n<li>Masque de confidentialit\u00e9<\/li>\n<\/ul>\n<p><strong>DORI<\/strong>\u00a0: La distance DORI (<strong>D<\/strong>\u00e9tecter,\u00a0<strong>O<\/strong>bserver,\u00a0<strong>R<\/strong>econna\u00eetre,\u00a0<strong>I<\/strong>dentifier) \u200b\u200bdonne une id\u00e9e g\u00e9n\u00e9rale de la capacit\u00e9 de la cam\u00e9ra \u00e0 distinguer des personnes ou des objets dans son champ de vision. Il est calcul\u00e9 sur la base des sp\u00e9cifications du capteur de la cam\u00e9ra et des crit\u00e8res donn\u00e9s par la norme EN 62676-4 : 2015.<\/p>\n<table class=\"table-borders-grey table-responsive\" border=\"1\">\n<tbody>\n<tr>\n<td>DORI<\/td>\n<td>D\u00e9tecter<\/td>\n<td>Observer<\/td>\n<td>Reconna\u00eetre<\/td>\n<td>Identifier<\/td>\n<\/tr>\n<tr>\n<td>Distance<\/td>\n<td>64 \u00e0 200 m\u00e8tres<\/td>\n<td>25.4 \u00e0 79.4 m\u00e8tres<\/td>\n<td>12.8 \u00e0 40 m\u00e8tres<\/td>\n<td>6.4 \u00e0 20 m\u00e8tres<\/td>\n<\/tr>\n<\/tbody>\n<\/table>\n<h3><strong>Vision nocturne<\/strong><\/h3>\n<p>Gr\u00e2ce \u00e0 son syst\u00e8me de LED\u00a0infrarouge\u00a0nouvelle g\u00e9n\u00e9ration d&rsquo;une longueur d&rsquo;onde de 850 nanom\u00e8tres (nm) elle voit parfaitement la nuit dans l&rsquo;obscurit\u00e9 totale jusqu&rsquo;\u00e0 environ\u00a0<strong>60 m\u00e8tres<\/strong>.<\/p>\n<p>Elle embarque \u00e9galement la technologie EXIR 2.0. Cette technologie permet d&rsquo;am\u00e9liorer la vision de nuit sur les bords de l&rsquo;image pour b\u00e9n\u00e9ficier d&rsquo;une vision plus uniforme, le gain est de 30%.<\/p>\n<p>Les avantages de l&rsquo;EXIR 2.0 sont :<\/p>\n<ul>\n<li>Diffusion\u00a0thermique\u00a0am\u00e9lior\u00e9e<\/li>\n<li>Am\u00e9lioration de la dur\u00e9e de vie de 20 000 heures<\/li>\n<li>\u00c9limination d&rsquo;une lentille secondaire pour la mise au point de la lumi\u00e8re infrarouge<\/li>\n<li>Facteur de forme plus petit<\/li>\n<\/ul>\n<p>EXIR : EXtended InfraRed<\/p>\n<h3><strong>Stockage interne<\/strong><\/h3>\n<p>La cam\u00e9ra\u00a0Hikvision\u00a0DS-2CD2643G2-IZS int\u00e8gre un emplacement pour une carte MicroSD* d&rsquo;une capacit\u00e9 maximale de 256Go. L&rsquo;int\u00e9gration d&rsquo;une carte MicroSD permet \u00e0 la cam\u00e9ra de fonctionner de mani\u00e8re autonome. Ubitech recommande tout de m\u00eame de l&rsquo;associer \u00e0 un\u00a0NVR\u00a0pour une dur\u00e9e d&rsquo;enregistrement des vid\u00e9os plus importante. Avec une carte MicroSD il est possible de conserver quelques heures ou quelques jours de vid\u00e9o alors qu&rsquo;un NVR permet de conserver plusieurs semaines ou plusieurs mois d&rsquo;enregistrement.<\/p>\n<p><em>*Carte SD non fournie avec la cam\u00e9ra<\/em><\/p>\n<h3>Visualisation \u00e0 distance<\/h3>\n<p>Hikvision propose gratuitement l&rsquo;application\u00a0<strong>Hik-Connect<\/strong>. Avec cette application configur\u00e9e sur un smartphone ou une tablette (Android ou iOS), vous pouvez visualiser en temps r\u00e9el votre cam\u00e9ra o\u00f9 que vous soyez. Si votre cam\u00e9ra est reli\u00e9e \u00e0 un\u00a0<strong>NVR<\/strong>\u00a0vous pouvez m\u00eame consulter les vid\u00e9os enregistr\u00e9es sur ce dernier.<\/p>\n<p>Elle vous alerte \u00e9galement en temps r\u00e9el si elle d\u00e9tecte une intrusion gr\u00e2ce \u00e0 ses fonctions d&rsquo;alertes \u00e9volu\u00e9es.<\/p>\n","protected":false},"excerpt":{"rendered":"<p class=\"tx-excerpt\">Cam\u00e9ra de surveillance varifocale 4MP AcuSense et vision de nuit 60 m\u00e8tres EXIR\u00a0Hikvision\u00a0DS-2CD2643G2-IZS La\u00a0cam\u00e9ra ext\u00e9rieure\u00a0DS-2CD2643G2-IZS est une\u00a0cam\u00e9ra de surveillance\u00a0avec un algorithme d&rsquo;intelligence artificielle qui permet de limiter les fausses d\u00e9tections. EasyIP 2.0 Plus avec AcuSense...<\/p>","protected":false},"featured_media":2744,"template":"","meta":{"_joinchat":[]},"product_brand":[],"product_cat":[31],"product_tag":[],"class_list":{"0":"post-2714","1":"product","2":"type-product","3":"status-publish","4":"has-post-thumbnail","6":"product_cat-cameras-ip","8":"first","9":"instock","10":"taxable","11":"shipping-taxable","12":"purchasable","13":"product-type-simple"},"yoast_head":"<!-- This site is optimized with the Yoast SEO plugin v27.4 - https:\/\/yoast.com\/product\/yoast-seo-wordpress\/ -->\n<title>Cam\u00e9ra AcuSense varifocale motoris\u00e9e 4MP - NEXT GEN GROUP<\/title>\n<meta name=\"robots\" content=\"index, follow, max-snippet:-1, max-image-preview:large, max-video-preview:-1\" \/>\n<link rel=\"canonical\" href=\"https:\/\/nextgen-sn.com\/?product=camera-acusense-varifocale-motorisee-4mp\" \/>\n<meta property=\"og:locale\" content=\"fr_FR\" \/>\n<meta property=\"og:type\" content=\"article\" \/>\n<meta property=\"og:title\" content=\"Cam\u00e9ra AcuSense varifocale motoris\u00e9e 4MP - NEXT GEN GROUP\" \/>\n<meta property=\"og:description\" content=\"Cam\u00e9ra de surveillance varifocale 4MP AcuSense et vision de nuit 60 m\u00e8tres EXIR\u00a0Hikvision\u00a0DS-2CD2643G2-IZS La\u00a0cam\u00e9ra ext\u00e9rieure\u00a0DS-2CD2643G2-IZS est une\u00a0cam\u00e9ra de surveillance\u00a0avec un algorithme d&rsquo;intelligence artificielle qui permet de limiter les fausses d\u00e9tections. EasyIP 2.0 Plus avec AcuSense La technologie AcuSense est capable d&rsquo;identifier un humain ou un v\u00e9hicule d&rsquo;un tr\u00e8s grand nombre d&rsquo;objets dans une sc\u00e8ne. Cette technologie permet d&rsquo;une part de d\u00e9tecter les intrusions correspondantes \u00e0 des humains et\/ou \u00e0 des v\u00e9hicules, mais elle peut \u00e9galement filtrer les fausses alarmes qui auraient \u00e9t\u00e9 d\u00e9clench\u00e9es par des objets en mouvement non mena\u00e7ants comme un animal, des changements de lumi\u00e8re rapides, la pluie, des feuilles bougeant dans le vent, etc. La cam\u00e9ra se concentre alors sur le mouvement des personnes ou des v\u00e9hicules, r\u00e9duisant ainsi consid\u00e9rablement le nombre de fausses alarmes pour une d\u00e9tection plus rapide et surtout plus pr\u00e9cise des intrusions. Le syst\u00e8me est capable de\u00a0filtrer jusqu&rsquo;\u00e0 98 % des \u00e9v\u00e9nements\u00a0susceptibles de d\u00e9clencher de fausses alarmes. Fonctions d&rsquo;alertes optimis\u00e9es avec intelligence artificielle La cam\u00e9ra de surveillance DS-2CD2643G2-IZS est capable d&rsquo;identifier un humain ou un v\u00e9hicule parmi un tr\u00e8s grand nombre d&rsquo;objets dans une sc\u00e8ne gr\u00e2ce \u00e0 l&rsquo;intelligence artificielle. La cam\u00e9ra intelligente DS-2CD2643G2-IZS int\u00e8gre de nombreuses fonctionnalit\u00e9s d&rsquo;alertes intelligentes bas\u00e9es sur la technologie AcuSense pour ne d\u00e9tecter que les humains et les v\u00e9hicules : D\u00e9tection de mouvement Franchissement de ligne virtuelle d\u00e9finie par l&rsquo;utilisateur D\u00e9tection d&rsquo;intrusion dans une zone virtuelle d\u00e9finie par l&rsquo;utilisateur D\u00e9tection faciale Anti-sabotage Masque de confidentialit\u00e9 DORI\u00a0: La distance DORI (D\u00e9tecter,\u00a0Observer,\u00a0Reconna\u00eetre,\u00a0Identifier) \u200b\u200bdonne une id\u00e9e g\u00e9n\u00e9rale de la capacit\u00e9 de la cam\u00e9ra \u00e0 distinguer des personnes ou des objets dans son champ de vision. Il est calcul\u00e9 sur la base des sp\u00e9cifications du capteur de la cam\u00e9ra et des crit\u00e8res donn\u00e9s par la norme EN 62676-4 : 2015. DORI D\u00e9tecter Observer Reconna\u00eetre Identifier Distance 64 \u00e0 200 m\u00e8tres 25.4 \u00e0 79.4 m\u00e8tres 12.8 \u00e0 40 m\u00e8tres 6.4 \u00e0 20 m\u00e8tres Vision nocturne Gr\u00e2ce \u00e0 son syst\u00e8me de LED\u00a0infrarouge\u00a0nouvelle g\u00e9n\u00e9ration d&rsquo;une longueur d&rsquo;onde de 850 nanom\u00e8tres (nm) elle voit parfaitement la nuit dans l&rsquo;obscurit\u00e9 totale jusqu&rsquo;\u00e0 environ\u00a060 m\u00e8tres. Elle embarque \u00e9galement la technologie EXIR 2.0. Cette technologie permet d&rsquo;am\u00e9liorer la vision de nuit sur les bords de l&rsquo;image pour b\u00e9n\u00e9ficier d&rsquo;une vision plus uniforme, le gain est de 30%. Les avantages de l&rsquo;EXIR 2.0 sont : Diffusion\u00a0thermique\u00a0am\u00e9lior\u00e9e Am\u00e9lioration de la dur\u00e9e de vie de 20 000 heures \u00c9limination d&rsquo;une lentille secondaire pour la mise au point de la lumi\u00e8re infrarouge Facteur de forme plus petit EXIR : EXtended InfraRed Stockage interne La cam\u00e9ra\u00a0Hikvision\u00a0DS-2CD2643G2-IZS int\u00e8gre un emplacement pour une carte MicroSD* d&rsquo;une capacit\u00e9 maximale de 256Go. L&rsquo;int\u00e9gration d&rsquo;une carte MicroSD permet \u00e0 la cam\u00e9ra de fonctionner de mani\u00e8re autonome. Ubitech recommande tout de m\u00eame de l&rsquo;associer \u00e0 un\u00a0NVR\u00a0pour une dur\u00e9e d&rsquo;enregistrement des vid\u00e9os plus importante. Avec une carte MicroSD il est possible de conserver quelques heures ou quelques jours de vid\u00e9o alors qu&rsquo;un NVR permet de conserver plusieurs semaines ou plusieurs mois d&rsquo;enregistrement. *Carte SD non fournie avec la cam\u00e9ra Visualisation \u00e0 distance Hikvision propose gratuitement l&rsquo;application\u00a0Hik-Connect. Avec cette application configur\u00e9e sur un smartphone ou une tablette (Android ou iOS), vous pouvez visualiser en temps r\u00e9el votre cam\u00e9ra o\u00f9 que vous soyez. Si votre cam\u00e9ra est reli\u00e9e \u00e0 un\u00a0NVR\u00a0vous pouvez m\u00eame consulter les vid\u00e9os enregistr\u00e9es sur ce dernier. Elle vous alerte \u00e9galement en temps r\u00e9el si elle d\u00e9tecte une intrusion gr\u00e2ce \u00e0 ses fonctions d&rsquo;alertes \u00e9volu\u00e9es.\" \/>\n<meta property=\"og:url\" content=\"https:\/\/nextgen-sn.com\/?product=camera-acusense-varifocale-motorisee-4mp\" \/>\n<meta property=\"og:site_name\" content=\"NEXT GEN GROUP\" \/>\n<meta property=\"article:modified_time\" content=\"2025-09-10T15:54:07+00:00\" \/>\n<meta property=\"og:image\" content=\"https:\/\/nextgen-sn.com\/wp-content\/uploads\/2025\/09\/a.webp\" \/>\n\t<meta property=\"og:image:width\" content=\"455\" \/>\n\t<meta property=\"og:image:height\" content=\"455\" \/>\n\t<meta property=\"og:image:type\" content=\"image\/webp\" \/>\n<meta name=\"twitter:card\" content=\"summary_large_image\" \/>\n<meta name=\"twitter:label1\" content=\"Dur\u00e9e de lecture estim\u00e9e\" \/>\n\t<meta name=\"twitter:data1\" content=\"3 minutes\" \/>\n<script type=\"application\/ld+json\" class=\"yoast-schema-graph\">{\"@context\":\"https:\\\/\\\/schema.org\",\"@graph\":[{\"@type\":\"WebPage\",\"@id\":\"https:\\\/\\\/nextgen-sn.com\\\/?product=camera-acusense-varifocale-motorisee-4mp\",\"url\":\"https:\\\/\\\/nextgen-sn.com\\\/?product=camera-acusense-varifocale-motorisee-4mp\",\"name\":\"Cam\u00e9ra AcuSense varifocale motoris\u00e9e 4MP - NEXT GEN GROUP\",\"isPartOf\":{\"@id\":\"https:\\\/\\\/nextgen-sn.com\\\/#website\"},\"primaryImageOfPage\":{\"@id\":\"https:\\\/\\\/nextgen-sn.com\\\/?product=camera-acusense-varifocale-motorisee-4mp#primaryimage\"},\"image\":{\"@id\":\"https:\\\/\\\/nextgen-sn.com\\\/?product=camera-acusense-varifocale-motorisee-4mp#primaryimage\"},\"thumbnailUrl\":\"https:\\\/\\\/nextgen-sn.com\\\/wp-content\\\/uploads\\\/2025\\\/09\\\/a.webp\",\"datePublished\":\"2025-09-10T15:54:05+00:00\",\"dateModified\":\"2025-09-10T15:54:07+00:00\",\"breadcrumb\":{\"@id\":\"https:\\\/\\\/nextgen-sn.com\\\/?product=camera-acusense-varifocale-motorisee-4mp#breadcrumb\"},\"inLanguage\":\"fr-FR\",\"potentialAction\":[{\"@type\":\"ReadAction\",\"target\":[\"https:\\\/\\\/nextgen-sn.com\\\/?product=camera-acusense-varifocale-motorisee-4mp\"]}]},{\"@type\":\"ImageObject\",\"inLanguage\":\"fr-FR\",\"@id\":\"https:\\\/\\\/nextgen-sn.com\\\/?product=camera-acusense-varifocale-motorisee-4mp#primaryimage\",\"url\":\"https:\\\/\\\/nextgen-sn.com\\\/wp-content\\\/uploads\\\/2025\\\/09\\\/a.webp\",\"contentUrl\":\"https:\\\/\\\/nextgen-sn.com\\\/wp-content\\\/uploads\\\/2025\\\/09\\\/a.webp\",\"width\":455,\"height\":455},{\"@type\":\"BreadcrumbList\",\"@id\":\"https:\\\/\\\/nextgen-sn.com\\\/?product=camera-acusense-varifocale-motorisee-4mp#breadcrumb\",\"itemListElement\":[{\"@type\":\"ListItem\",\"position\":1,\"name\":\"Accueil\",\"item\":\"https:\\\/\\\/nextgen-sn.com\\\/\"},{\"@type\":\"ListItem\",\"position\":2,\"name\":\"Produits\",\"item\":\"https:\\\/\\\/nextgen-sn.com\\\/?post_type=product\"},{\"@type\":\"ListItem\",\"position\":3,\"name\":\"Cam\u00e9ra AcuSense varifocale motoris\u00e9e 4MP\"}]},{\"@type\":\"WebSite\",\"@id\":\"https:\\\/\\\/nextgen-sn.com\\\/#website\",\"url\":\"https:\\\/\\\/nextgen-sn.com\\\/\",\"name\":\"NEXT GEN GROUP\",\"description\":\"Next Gen Group offre des services dans le domaine de l&#039;affichage gynamique\",\"publisher\":{\"@id\":\"https:\\\/\\\/nextgen-sn.com\\\/#organization\"},\"potentialAction\":[{\"@type\":\"SearchAction\",\"target\":{\"@type\":\"EntryPoint\",\"urlTemplate\":\"https:\\\/\\\/nextgen-sn.com\\\/?s={search_term_string}\"},\"query-input\":{\"@type\":\"PropertyValueSpecification\",\"valueRequired\":true,\"valueName\":\"search_term_string\"}}],\"inLanguage\":\"fr-FR\"},{\"@type\":\"Organization\",\"@id\":\"https:\\\/\\\/nextgen-sn.com\\\/#organization\",\"name\":\"NEXT GEN GROUP\",\"url\":\"https:\\\/\\\/nextgen-sn.com\\\/\",\"logo\":{\"@type\":\"ImageObject\",\"inLanguage\":\"fr-FR\",\"@id\":\"https:\\\/\\\/nextgen-sn.com\\\/#\\\/schema\\\/logo\\\/image\\\/\",\"url\":\"https:\\\/\\\/nextgen-sn.com\\\/wp-content\\\/uploads\\\/2025\\\/08\\\/Logo-Next-Gen.png\",\"contentUrl\":\"https:\\\/\\\/nextgen-sn.com\\\/wp-content\\\/uploads\\\/2025\\\/08\\\/Logo-Next-Gen.png\",\"width\":341,\"height\":149,\"caption\":\"NEXT GEN GROUP\"},\"image\":{\"@id\":\"https:\\\/\\\/nextgen-sn.com\\\/#\\\/schema\\\/logo\\\/image\\\/\"}}]}<\/script>\n<!-- \/ Yoast SEO plugin. -->","yoast_head_json":{"title":"Cam\u00e9ra AcuSense varifocale motoris\u00e9e 4MP - NEXT GEN GROUP","robots":{"index":"index","follow":"follow","max-snippet":"max-snippet:-1","max-image-preview":"max-image-preview:large","max-video-preview":"max-video-preview:-1"},"canonical":"https:\/\/nextgen-sn.com\/?product=camera-acusense-varifocale-motorisee-4mp","og_locale":"fr_FR","og_type":"article","og_title":"Cam\u00e9ra AcuSense varifocale motoris\u00e9e 4MP - NEXT GEN GROUP","og_description":"Cam\u00e9ra de surveillance varifocale 4MP AcuSense et vision de nuit 60 m\u00e8tres EXIR\u00a0Hikvision\u00a0DS-2CD2643G2-IZS La\u00a0cam\u00e9ra ext\u00e9rieure\u00a0DS-2CD2643G2-IZS est une\u00a0cam\u00e9ra de surveillance\u00a0avec un algorithme d&rsquo;intelligence artificielle qui permet de limiter les fausses d\u00e9tections. EasyIP 2.0 Plus avec AcuSense La technologie AcuSense est capable d&rsquo;identifier un humain ou un v\u00e9hicule d&rsquo;un tr\u00e8s grand nombre d&rsquo;objets dans une sc\u00e8ne. Cette technologie permet d&rsquo;une part de d\u00e9tecter les intrusions correspondantes \u00e0 des humains et\/ou \u00e0 des v\u00e9hicules, mais elle peut \u00e9galement filtrer les fausses alarmes qui auraient \u00e9t\u00e9 d\u00e9clench\u00e9es par des objets en mouvement non mena\u00e7ants comme un animal, des changements de lumi\u00e8re rapides, la pluie, des feuilles bougeant dans le vent, etc. La cam\u00e9ra se concentre alors sur le mouvement des personnes ou des v\u00e9hicules, r\u00e9duisant ainsi consid\u00e9rablement le nombre de fausses alarmes pour une d\u00e9tection plus rapide et surtout plus pr\u00e9cise des intrusions. Le syst\u00e8me est capable de\u00a0filtrer jusqu&rsquo;\u00e0 98 % des \u00e9v\u00e9nements\u00a0susceptibles de d\u00e9clencher de fausses alarmes. Fonctions d&rsquo;alertes optimis\u00e9es avec intelligence artificielle La cam\u00e9ra de surveillance DS-2CD2643G2-IZS est capable d&rsquo;identifier un humain ou un v\u00e9hicule parmi un tr\u00e8s grand nombre d&rsquo;objets dans une sc\u00e8ne gr\u00e2ce \u00e0 l&rsquo;intelligence artificielle. La cam\u00e9ra intelligente DS-2CD2643G2-IZS int\u00e8gre de nombreuses fonctionnalit\u00e9s d&rsquo;alertes intelligentes bas\u00e9es sur la technologie AcuSense pour ne d\u00e9tecter que les humains et les v\u00e9hicules : D\u00e9tection de mouvement Franchissement de ligne virtuelle d\u00e9finie par l&rsquo;utilisateur D\u00e9tection d&rsquo;intrusion dans une zone virtuelle d\u00e9finie par l&rsquo;utilisateur D\u00e9tection faciale Anti-sabotage Masque de confidentialit\u00e9 DORI\u00a0: La distance DORI (D\u00e9tecter,\u00a0Observer,\u00a0Reconna\u00eetre,\u00a0Identifier) \u200b\u200bdonne une id\u00e9e g\u00e9n\u00e9rale de la capacit\u00e9 de la cam\u00e9ra \u00e0 distinguer des personnes ou des objets dans son champ de vision. Il est calcul\u00e9 sur la base des sp\u00e9cifications du capteur de la cam\u00e9ra et des crit\u00e8res donn\u00e9s par la norme EN 62676-4 : 2015. DORI D\u00e9tecter Observer Reconna\u00eetre Identifier Distance 64 \u00e0 200 m\u00e8tres 25.4 \u00e0 79.4 m\u00e8tres 12.8 \u00e0 40 m\u00e8tres 6.4 \u00e0 20 m\u00e8tres Vision nocturne Gr\u00e2ce \u00e0 son syst\u00e8me de LED\u00a0infrarouge\u00a0nouvelle g\u00e9n\u00e9ration d&rsquo;une longueur d&rsquo;onde de 850 nanom\u00e8tres (nm) elle voit parfaitement la nuit dans l&rsquo;obscurit\u00e9 totale jusqu&rsquo;\u00e0 environ\u00a060 m\u00e8tres. Elle embarque \u00e9galement la technologie EXIR 2.0. Cette technologie permet d&rsquo;am\u00e9liorer la vision de nuit sur les bords de l&rsquo;image pour b\u00e9n\u00e9ficier d&rsquo;une vision plus uniforme, le gain est de 30%. Les avantages de l&rsquo;EXIR 2.0 sont : Diffusion\u00a0thermique\u00a0am\u00e9lior\u00e9e Am\u00e9lioration de la dur\u00e9e de vie de 20 000 heures \u00c9limination d&rsquo;une lentille secondaire pour la mise au point de la lumi\u00e8re infrarouge Facteur de forme plus petit EXIR : EXtended InfraRed Stockage interne La cam\u00e9ra\u00a0Hikvision\u00a0DS-2CD2643G2-IZS int\u00e8gre un emplacement pour une carte MicroSD* d&rsquo;une capacit\u00e9 maximale de 256Go. L&rsquo;int\u00e9gration d&rsquo;une carte MicroSD permet \u00e0 la cam\u00e9ra de fonctionner de mani\u00e8re autonome. Ubitech recommande tout de m\u00eame de l&rsquo;associer \u00e0 un\u00a0NVR\u00a0pour une dur\u00e9e d&rsquo;enregistrement des vid\u00e9os plus importante. Avec une carte MicroSD il est possible de conserver quelques heures ou quelques jours de vid\u00e9o alors qu&rsquo;un NVR permet de conserver plusieurs semaines ou plusieurs mois d&rsquo;enregistrement. *Carte SD non fournie avec la cam\u00e9ra Visualisation \u00e0 distance Hikvision propose gratuitement l&rsquo;application\u00a0Hik-Connect. Avec cette application configur\u00e9e sur un smartphone ou une tablette (Android ou iOS), vous pouvez visualiser en temps r\u00e9el votre cam\u00e9ra o\u00f9 que vous soyez. Si votre cam\u00e9ra est reli\u00e9e \u00e0 un\u00a0NVR\u00a0vous pouvez m\u00eame consulter les vid\u00e9os enregistr\u00e9es sur ce dernier. Elle vous alerte \u00e9galement en temps r\u00e9el si elle d\u00e9tecte une intrusion gr\u00e2ce \u00e0 ses fonctions d&rsquo;alertes \u00e9volu\u00e9es.","og_url":"https:\/\/nextgen-sn.com\/?product=camera-acusense-varifocale-motorisee-4mp","og_site_name":"NEXT GEN GROUP","article_modified_time":"2025-09-10T15:54:07+00:00","og_image":[{"width":455,"height":455,"url":"https:\/\/nextgen-sn.com\/wp-content\/uploads\/2025\/09\/a.webp","type":"image\/webp"}],"twitter_card":"summary_large_image","twitter_misc":{"Dur\u00e9e de lecture estim\u00e9e":"3 minutes"},"schema":{"@context":"https:\/\/schema.org","@graph":[{"@type":"WebPage","@id":"https:\/\/nextgen-sn.com\/?product=camera-acusense-varifocale-motorisee-4mp","url":"https:\/\/nextgen-sn.com\/?product=camera-acusense-varifocale-motorisee-4mp","name":"Cam\u00e9ra AcuSense varifocale motoris\u00e9e 4MP - NEXT GEN GROUP","isPartOf":{"@id":"https:\/\/nextgen-sn.com\/#website"},"primaryImageOfPage":{"@id":"https:\/\/nextgen-sn.com\/?product=camera-acusense-varifocale-motorisee-4mp#primaryimage"},"image":{"@id":"https:\/\/nextgen-sn.com\/?product=camera-acusense-varifocale-motorisee-4mp#primaryimage"},"thumbnailUrl":"https:\/\/nextgen-sn.com\/wp-content\/uploads\/2025\/09\/a.webp","datePublished":"2025-09-10T15:54:05+00:00","dateModified":"2025-09-10T15:54:07+00:00","breadcrumb":{"@id":"https:\/\/nextgen-sn.com\/?product=camera-acusense-varifocale-motorisee-4mp#breadcrumb"},"inLanguage":"fr-FR","potentialAction":[{"@type":"ReadAction","target":["https:\/\/nextgen-sn.com\/?product=camera-acusense-varifocale-motorisee-4mp"]}]},{"@type":"ImageObject","inLanguage":"fr-FR","@id":"https:\/\/nextgen-sn.com\/?product=camera-acusense-varifocale-motorisee-4mp#primaryimage","url":"https:\/\/nextgen-sn.com\/wp-content\/uploads\/2025\/09\/a.webp","contentUrl":"https:\/\/nextgen-sn.com\/wp-content\/uploads\/2025\/09\/a.webp","width":455,"height":455},{"@type":"BreadcrumbList","@id":"https:\/\/nextgen-sn.com\/?product=camera-acusense-varifocale-motorisee-4mp#breadcrumb","itemListElement":[{"@type":"ListItem","position":1,"name":"Accueil","item":"https:\/\/nextgen-sn.com\/"},{"@type":"ListItem","position":2,"name":"Produits","item":"https:\/\/nextgen-sn.com\/?post_type=product"},{"@type":"ListItem","position":3,"name":"Cam\u00e9ra AcuSense varifocale motoris\u00e9e 4MP"}]},{"@type":"WebSite","@id":"https:\/\/nextgen-sn.com\/#website","url":"https:\/\/nextgen-sn.com\/","name":"NEXT GEN GROUP","description":"Next Gen Group offre des services dans le domaine de l&#039;affichage gynamique","publisher":{"@id":"https:\/\/nextgen-sn.com\/#organization"},"potentialAction":[{"@type":"SearchAction","target":{"@type":"EntryPoint","urlTemplate":"https:\/\/nextgen-sn.com\/?s={search_term_string}"},"query-input":{"@type":"PropertyValueSpecification","valueRequired":true,"valueName":"search_term_string"}}],"inLanguage":"fr-FR"},{"@type":"Organization","@id":"https:\/\/nextgen-sn.com\/#organization","name":"NEXT GEN GROUP","url":"https:\/\/nextgen-sn.com\/","logo":{"@type":"ImageObject","inLanguage":"fr-FR","@id":"https:\/\/nextgen-sn.com\/#\/schema\/logo\/image\/","url":"https:\/\/nextgen-sn.com\/wp-content\/uploads\/2025\/08\/Logo-Next-Gen.png","contentUrl":"https:\/\/nextgen-sn.com\/wp-content\/uploads\/2025\/08\/Logo-Next-Gen.png","width":341,"height":149,"caption":"NEXT GEN GROUP"},"image":{"@id":"https:\/\/nextgen-sn.com\/#\/schema\/logo\/image\/"}}]}},"_links":{"self":[{"href":"https:\/\/nextgen-sn.com\/index.php?rest_route=\/wp\/v2\/product\/2714","targetHints":{"allow":["GET"]}}],"collection":[{"href":"https:\/\/nextgen-sn.com\/index.php?rest_route=\/wp\/v2\/product"}],"about":[{"href":"https:\/\/nextgen-sn.com\/index.php?rest_route=\/wp\/v2\/types\/product"}],"wp:featuredmedia":[{"embeddable":true,"href":"https:\/\/nextgen-sn.com\/index.php?rest_route=\/wp\/v2\/media\/2744"}],"wp:attachment":[{"href":"https:\/\/nextgen-sn.com\/index.php?rest_route=%2Fwp%2Fv2%2Fmedia&parent=2714"}],"wp:term":[{"taxonomy":"product_brand","embeddable":true,"href":"https:\/\/nextgen-sn.com\/index.php?rest_route=%2Fwp%2Fv2%2Fproduct_brand&post=2714"},{"taxonomy":"product_cat","embeddable":true,"href":"https:\/\/nextgen-sn.com\/index.php?rest_route=%2Fwp%2Fv2%2Fproduct_cat&post=2714"},{"taxonomy":"product_tag","embeddable":true,"href":"https:\/\/nextgen-sn.com\/index.php?rest_route=%2Fwp%2Fv2%2Fproduct_tag&post=2714"}],"curies":[{"name":"wp","href":"https:\/\/api.w.org\/{rel}","templated":true}]}}